{"id":526,"date":"2019-11-05T18:06:44","date_gmt":"2019-11-05T20:06:44","guid":{"rendered":"http:\/\/localhost\/GDL\/wordpress\/?post_type=campanha&#038;p=526"},"modified":"2025-04-25T10:58:44","modified_gmt":"2025-04-25T13:58:44","slug":"torneio-corporativo","status":"publish","type":"campanha","link":"https:\/\/goldeletra.org.br\/en\/campanha\/torneio-corporativo\/","title":{"rendered":"CORPORATE TOURNAMENT"},"content":{"rendered":"\n<p> Click here and have a glimpse of the Tournment:<\/p>\n\n\n\n<div class=\"wp-block-button\"><a class=\"wp-block-button__link\" href=\"https:\/torneio2016\/\">2016 edition<\/a><\/div>\n\n\n\n<div class=\"wp-block-button\"><a class=\"wp-block-button__link\" href=\"https:\/torneio2017\/\">2017 edition<\/a><\/div>\n\n\n\n<div class=\"wp-block-button\"><a class=\"wp-block-button__link\" href=\"https:\/torneio2018\/rj\">2018 edition \/ RJ<\/a><\/div>\n\n\n\n<div class=\"wp-block-button\"><a class=\"wp-block-button__link\" href=\"https:\/torneio2018\/sp\">2018 edition \/ SP<\/a><\/div>\n\n\n\n<p>This tournament takes place since 2004 in S\u00e3o Paulo and in Paris, and since 2007 in Rio de Janeiro. The Gol de Letra Tournament, besides being the most traditional corporate football championship of the country, it\u00b4s also an important source of free resource collection for Gol de Letra Foundation.<\/p>\n\n\n\n<p>The event started with the idea of linking the resource collection to the possibility of promoting the sports practice\u00b4s benefit, fostering the integration and networking of corporate collaborators via the Championship.<\/p>\n\n\n\n<p>Each company\u00b4s investment is used to maintain the Foundation\u00b4s projects. Every participating company has the opportunity to take part in the final games in Morumbi Stadium (SP) or Maracan\u00e3 Stadium (RJ), enjoying unique moments full of fun.<\/p>\n\n\n\n<div class=\"wp-block-columns has-3-columns is-layout-flex wp-container-core-columns-is-layout-1 wp-block-columns-is-layout-flex\">\n<div class=\"wp-block-column is-layout-flow wp-block-column-is-layout-flow\">\n<figure class=\"wp-block-embed-youtube wp-block-embed is-type-video is-provider-youtube wp-embed-aspect-16-9 wp-has-aspect-ratio\"><div class=\"wp-block-embed__wrapper\">\n<iframe loading=\"lazy\" title=\"Torneio Gol de Letra SP - Teaser 2018\" width=\"500\" height=\"281\" src=\"https:\/\/www.youtube.com\/embed\/k0-zSSnOZHU?feature=oembed\" frameborder=\"0\" allow=\"accelerometer; autoplay; clipboard-write; encrypted-media; gyroscope; picture-in-picture; web-share\" referrerpolicy=\"strict-origin-when-cross-origin\" allowfullscreen><\/iframe>\n<\/div><\/figure>\n<\/div>\n\n\n\n<div class=\"wp-block-column is-layout-flow wp-block-column-is-layout-flow\">\n<figure class=\"wp-block-embed-youtube wp-block-embed is-type-video is-provider-youtube wp-embed-aspect-16-9 wp-has-aspect-ratio\"><div class=\"wp-block-embed__wrapper\">\n<iframe loading=\"lazy\" title=\"Torneio Gol de Letra (RJ) - Teaser 2018\" width=\"500\" height=\"281\" src=\"https:\/\/www.youtube.com\/embed\/bbYOvFCUqQc?feature=oembed\" frameborder=\"0\" allow=\"accelerometer; autoplay; clipboard-write; encrypted-media; gyroscope; picture-in-picture; web-share\" referrerpolicy=\"strict-origin-when-cross-origin\" allowfullscreen><\/iframe>\n<\/div><\/figure>\n\n\n\n<p><\/p>\n<\/div>\n\n\n\n<div class=\"wp-block-column is-layout-flow wp-block-column-is-layout-flow\">\n<figure class=\"wp-block-embed-youtube wp-block-embed is-type-video is-provider-youtube wp-embed-aspect-16-9 wp-has-aspect-ratio\"><div class=\"wp-block-embed__wrapper\">\n<iframe loading=\"lazy\" title=\"TORNEIO GOL DE LETRA FRAN\u00c7A 2014\" width=\"500\" height=\"281\" src=\"https:\/\/www.youtube.com\/embed\/MsWYF5L9i6U?feature=oembed\" frameborder=\"0\" allow=\"accelerometer; autoplay; clipboard-write; encrypted-media; gyroscope; picture-in-picture; web-share\" referrerpolicy=\"strict-origin-when-cross-origin\" allowfullscreen><\/iframe>\n<\/div><\/figure>\n<\/div>\n<\/div>\n\n\n\n<div class=\"tarja\" style=\"background-color:#BCD63A\"><div class=\"container\"><p><strong>Garanta a vaga da sua empresa para a pr\u00f3xima edi\u00e7\u00e3o:<\/strong><br><strong>S\u00c3O PAULO:<\/strong>(11) 2206-5522 &#8211;\u00a0<a href=\"mailto:torneio@\">torneio@<\/a><br><strong>RIO DE JANEIRO:<\/strong>(21) 3895-9001 &#8211;\u00a0<a href=\"mailto:tgl.rio@\">tgl.rio@<\/a><\/p><\/div><\/div>\n","protected":false},"featured_media":0,"template":"","class_list":["post-526","campanha","type-campanha","status-publish","hentry"],"yoast_head":"<!-- This site is optimized with the Yoast SEO plugin v26.6 - https:\/\/yoast.com\/wordpress\/plugins\/seo\/ -->\n<title>CORPORATE TOURNAMENT<\/title>\n<meta name=\"robots\" content=\"index, follow, max-snippet:-1, max-image-preview:large, max-video-preview:-1\" \/>\n<link rel=\"canonical\" href=\"https:\/\/goldeletra.org.br\/en\/campanha\/torneio-corporativo\/\" \/>\n<meta property=\"og:locale\" content=\"en_US\" \/>\n<meta property=\"og:locale:alternate\" content=\"pt_BR\" \/>\n<meta property=\"og:locale:alternate\" content=\"fr\" \/>\n<meta property=\"og:type\" content=\"article\" \/>\n<meta property=\"og:title\" content=\"CORPORATE TOURNAMENT\" \/>\n<meta property=\"og:description\" content=\"Click here and have a glimpse of the Tournment: This tournament takes place since 2004 in S\u00e3o Paulo and in Paris, and since 2007 in Rio de Janeiro. The Gol de Letra Tournament, besides being the most traditional corporate football championship of the country, it\u00b4s also an important source of free resource collection for Gol [&hellip;]\" \/>\n<meta property=\"og:url\" content=\"https:\/\/goldeletra.org.br\/en\/campanha\/torneio-corporativo\/\" \/>\n<meta property=\"og:site_name\" content=\"Funda\u00e7\u00e3o Gol de Letra\" \/>\n<meta property=\"article:publisher\" content=\"https:\/\/www.facebook.com\/FundacaoGolDeLetra\" \/>\n<meta property=\"article:modified_time\" content=\"2025-04-25T13:58:44+00:00\" \/>\n<meta name=\"twitter:card\" content=\"summary_large_image\" \/>\n<meta name=\"twitter:label1\" content=\"Est. reading time\" \/>\n\t<meta name=\"twitter:data1\" content=\"2 minutes\" \/>\n<script type=\"application\/ld+json\" class=\"yoast-schema-graph\">{\"@context\":\"https:\/\/schema.org\",\"@graph\":[{\"@type\":\"WebPage\",\"@id\":\"https:\/\/goldeletra.org.br\/campanha\/torneio-corporativo\/\",\"url\":\"https:\/\/goldeletra.org.br\/campanha\/torneio-corporativo\/\",\"name\":\"CORPORATE TOURNAMENT\",\"isPartOf\":{\"@id\":\"https:\/\/goldeletra.org.br\/#website\"},\"datePublished\":\"2019-11-05T20:06:44+00:00\",\"dateModified\":\"2025-04-25T13:58:44+00:00\",\"breadcrumb\":{\"@id\":\"https:\/\/goldeletra.org.br\/campanha\/torneio-corporativo\/#breadcrumb\"},\"inLanguage\":\"en-US\",\"potentialAction\":[{\"@type\":\"ReadAction\",\"target\":[\"https:\/\/goldeletra.org.br\/campanha\/torneio-corporativo\/\"]}]},{\"@type\":\"BreadcrumbList\",\"@id\":\"https:\/\/goldeletra.org.br\/campanha\/torneio-corporativo\/#breadcrumb\",\"itemListElement\":[{\"@type\":\"ListItem\",\"position\":1,\"name\":\"Home\",\"item\":\"https:\/\/goldeletra.org.br\/\"},{\"@type\":\"ListItem\",\"position\":2,\"name\":\"Nota Fiscal Paulista\"}]},{\"@type\":\"WebSite\",\"@id\":\"https:\/\/goldeletra.org.br\/#website\",\"url\":\"https:\/\/goldeletra.org.br\/\",\"name\":\"Funda\u00e7\u00e3o Gol de Letra\",\"description\":\"Organiza\u00e7\u00e3o sem fins lucrativos que contribui com a educa\u00e7\u00e3o de crian\u00e7as e jovens de comunidades populares para que tenham mais perspectivas de vida.\",\"publisher\":{\"@id\":\"https:\/\/goldeletra.org.br\/#organization\"},\"potentialAction\":[{\"@type\":\"SearchAction\",\"target\":{\"@type\":\"EntryPoint\",\"urlTemplate\":\"https:\/\/goldeletra.org.br\/?s={search_term_string}\"},\"query-input\":{\"@type\":\"PropertyValueSpecification\",\"valueRequired\":true,\"valueName\":\"search_term_string\"}}],\"inLanguage\":\"en-US\"},{\"@type\":\"Organization\",\"@id\":\"https:\/\/goldeletra.org.br\/#organization\",\"name\":\"Funda\u00e7\u00e3o Gol de Letra\",\"url\":\"https:\/\/goldeletra.org.br\/\",\"logo\":{\"@type\":\"ImageObject\",\"inLanguage\":\"en-US\",\"@id\":\"https:\/\/goldeletra.org.br\/#\/schema\/logo\/image\/\",\"url\":\"https:\/\/goldeletra.org.br\/wp-content\/uploads\/2020\/01\/logo.svg\",\"contentUrl\":\"https:\/\/goldeletra.org.br\/wp-content\/uploads\/2020\/01\/logo.svg\",\"caption\":\"Funda\u00e7\u00e3o Gol de Letra\"},\"image\":{\"@id\":\"https:\/\/goldeletra.org.br\/#\/schema\/logo\/image\/\"},\"sameAs\":[\"https:\/\/www.facebook.com\/FundacaoGolDeLetra\",\"https:\/\/www.instagram.com\/goldeletrabr\/\"]}]}<\/script>\n<!-- \/ Yoast SEO plugin. -->","yoast_head_json":{"title":"CORPORATE TOURNAMENT","robots":{"index":"index","follow":"follow","max-snippet":"max-snippet:-1","max-image-preview":"max-image-preview:large","max-video-preview":"max-video-preview:-1"},"canonical":"https:\/\/goldeletra.org.br\/en\/campanha\/torneio-corporativo\/","og_locale":"en_US","og_type":"article","og_title":"[:en]CORPORATE TOURNAMENT[:pt]Nota Fiscal Paulista[:fr]TOURNOIS DES ENTREPRISES[:] - Funda\u00e7\u00e3o Gol de Letra","og_description":"Click here and have a glimpse of the Tournment: This tournament takes place since 2004 in S\u00e3o Paulo and in Paris, and since 2007 in Rio de Janeiro. The Gol de Letra Tournament, besides being the most traditional corporate football championship of the country, it\u00b4s also an important source of free resource collection for Gol [&hellip;]","og_url":"https:\/\/goldeletra.org.br\/en\/campanha\/torneio-corporativo\/","og_site_name":"Funda\u00e7\u00e3o Gol de Letra","article_publisher":"https:\/\/www.facebook.com\/FundacaoGolDeLetra","article_modified_time":"2025-04-25T13:58:44+00:00","twitter_card":"summary_large_image","twitter_misc":{"Est. reading time":"2 minutes"},"schema":{"@context":"https:\/\/schema.org","@graph":[{"@type":"WebPage","@id":"https:\/\/goldeletra.org.br\/campanha\/torneio-corporativo\/","url":"https:\/\/goldeletra.org.br\/campanha\/torneio-corporativo\/","name":"CORPORATE TOURNAMENT","isPartOf":{"@id":"https:\/\/goldeletra.org.br\/#website"},"datePublished":"2019-11-05T20:06:44+00:00","dateModified":"2025-04-25T13:58:44+00:00","breadcrumb":{"@id":"https:\/\/goldeletra.org.br\/campanha\/torneio-corporativo\/#breadcrumb"},"inLanguage":"en-US","potentialAction":[{"@type":"ReadAction","target":["https:\/\/goldeletra.org.br\/campanha\/torneio-corporativo\/"]}]},{"@type":"BreadcrumbList","@id":"https:\/\/goldeletra.org.br\/campanha\/torneio-corporativo\/#breadcrumb","itemListElement":[{"@type":"ListItem","position":1,"name":"Home","item":"https:\/\/goldeletra.org.br\/"},{"@type":"ListItem","position":2,"name":"Nota Fiscal Paulista"}]},{"@type":"WebSite","@id":"https:\/\/goldeletra.org.br\/#website","url":"https:\/\/goldeletra.org.br\/","name":"Funda\u00e7\u00e3o Gol de Letra","description":"Organiza\u00e7\u00e3o sem fins lucrativos que contribui com a educa\u00e7\u00e3o de crian\u00e7as e jovens de comunidades populares para que tenham mais perspectivas de vida.","publisher":{"@id":"https:\/\/goldeletra.org.br\/#organization"},"potentialAction":[{"@type":"SearchAction","target":{"@type":"EntryPoint","urlTemplate":"https:\/\/goldeletra.org.br\/?s={search_term_string}"},"query-input":{"@type":"PropertyValueSpecification","valueRequired":true,"valueName":"search_term_string"}}],"inLanguage":"en-US"},{"@type":"Organization","@id":"https:\/\/goldeletra.org.br\/#organization","name":"Funda\u00e7\u00e3o Gol de Letra","url":"https:\/\/goldeletra.org.br\/","logo":{"@type":"ImageObject","inLanguage":"en-US","@id":"https:\/\/goldeletra.org.br\/#\/schema\/logo\/image\/","url":"https:\/\/goldeletra.org.br\/wp-content\/uploads\/2020\/01\/logo.svg","contentUrl":"https:\/\/goldeletra.org.br\/wp-content\/uploads\/2020\/01\/logo.svg","caption":"Funda\u00e7\u00e3o Gol de Letra"},"image":{"@id":"https:\/\/goldeletra.org.br\/#\/schema\/logo\/image\/"},"sameAs":["https:\/\/www.facebook.com\/FundacaoGolDeLetra","https:\/\/www.instagram.com\/goldeletrabr\/"]}]}},"_links":{"self":[{"href":"https:\/\/goldeletra.org.br\/en\/wp-json\/wp\/v2\/campanha\/526","targetHints":{"allow":["GET"]}}],"collection":[{"href":"https:\/\/goldeletra.org.br\/en\/wp-json\/wp\/v2\/campanha"}],"about":[{"href":"https:\/\/goldeletra.org.br\/en\/wp-json\/wp\/v2\/types\/campanha"}],"version-history":[{"count":24,"href":"https:\/\/goldeletra.org.br\/en\/wp-json\/wp\/v2\/campanha\/526\/revisions"}],"predecessor-version":[{"id":6066,"href":"https:\/\/goldeletra.org.br\/en\/wp-json\/wp\/v2\/campanha\/526\/revisions\/6066"}],"wp:attachment":[{"href":"https:\/\/goldeletra.org.br\/en\/wp-json\/wp\/v2\/media?parent=526"}],"curies":[{"name":"wp","href":"https:\/\/api.w.org\/{rel}","templated":true}]}}

<p> Click here and have a glimpse of the Tournment:</p>



<div class="wp-block-button"><a class="wp-block-button__link" href="https:/torneio2016/">2016 edition</a></div>



<div class="wp-block-button"><a class="wp-block-button__link" href="https:/torneio2017/">2017 edition</a></div>



<div class="wp-block-button"><a class="wp-block-button__link" href="https:/torneio2018/rj">2018 edition / RJ</a></div>



<div class="wp-block-button"><a class="wp-block-button__link" href="https:/torneio2018/sp">2018 edition / SP</a></div>



<p>This tournament takes place since 2004 in São Paulo and in Paris, and since 2007 in Rio de Janeiro. The Gol de Letra Tournament, besides being the most traditional corporate football championship of the country, it´s also an important source of free resource collection for Gol de Letra Foundation.</p>



<p>The event started with the idea of linking the resource collection to the possibility of promoting the sports practice´s benefit, fostering the integration and networking of corporate collaborators via the Championship.</p>



<p>Each company´s investment is used to maintain the Foundation´s projects. Every participating company has the opportunity to take part in the final games in Morumbi Stadium (SP) or Maracanã Stadium (RJ), enjoying unique moments full of fun.</p>



<div class="wp-block-columns has-3-columns is-layout-flex wp-container-core-columns-is-layout-1 wp-block-columns-is-layout-flex">
<div class="wp-block-column is-layout-flow wp-block-column-is-layout-flow">
<figure class="wp-block-embed-youtube wp-block-embed is-type-video is-provider-youtube wp-embed-aspect-16-9 wp-has-aspect-ratio"><div class="wp-block-embed__wrapper">
<iframe loading="lazy" title="Torneio Gol de Letra SP - Teaser 2018" width="500" height="281" src="https://www.youtube.com/embed/k0-zSSnOZHU?feature=oembed" frameborder="0" allow="accelerometer; autoplay; clipboard-write; encrypted-media; gyroscope; picture-in-picture; web-share" referrerpolicy="strict-origin-when-cross-origin" allowfullscreen></iframe>
</div></figure>
</div>



<div class="wp-block-column is-layout-flow wp-block-column-is-layout-flow">
<figure class="wp-block-embed-youtube wp-block-embed is-type-video is-provider-youtube wp-embed-aspect-16-9 wp-has-aspect-ratio"><div class="wp-block-embed__wrapper">
<iframe loading="lazy" title="Torneio Gol de Letra (RJ) - Teaser 2018" width="500" height="281" src="https://www.youtube.com/embed/bbYOvFCUqQc?feature=oembed" frameborder="0" allow="accelerometer; autoplay; clipboard-write; encrypted-media; gyroscope; picture-in-picture; web-share" referrerpolicy="strict-origin-when-cross-origin" allowfullscreen></iframe>
</div></figure>



<p></p>
</div>



<div class="wp-block-column is-layout-flow wp-block-column-is-layout-flow">
<figure class="wp-block-embed-youtube wp-block-embed is-type-video is-provider-youtube wp-embed-aspect-16-9 wp-has-aspect-ratio"><div class="wp-block-embed__wrapper">
<iframe loading="lazy" title="TORNEIO GOL DE LETRA FRANÇA 2014" width="500" height="281" src="https://www.youtube.com/embed/MsWYF5L9i6U?feature=oembed" frameborder="0" allow="accelerometer; autoplay; clipboard-write; encrypted-media; gyroscope; picture-in-picture; web-share" referrerpolicy="strict-origin-when-cross-origin" allowfullscreen></iframe>
</div></figure>
</div>
</div>



<div class="tarja" style="background-color:#BCD63A"><div class="container"><p><strong>Garanta a vaga da sua empresa para a próxima edição:</strong><br><strong>SÃO PAULO:</strong>(11) 2206-5522 &#8211; <a href="mailto:torneio@">torneio@</a><br><strong>RIO DE JANEIRO:</strong>(21) 3895-9001 &#8211; <a href="mailto:tgl.rio@">tgl.rio@</a></p></div></div>

<!-- This site is optimized with the Yoast SEO plugin v26.6 - https://yoast.com/wordpress/plugins/seo/ -->
<title>CORPORATE TOURNAMENT</title>
<meta name="robots" content="index, follow, max-snippet:-1, max-image-preview:large, max-video-preview:-1" />
<link rel="canonical" href="https://goldeletra.org.br/en/campanha/torneio-corporativo/" />
<meta property="og:locale" content="en_US" />
<meta property="og:locale:alternate" content="pt_BR" />
<meta property="og:locale:alternate" content="fr" />
<meta property="og:type" content="article" />
<meta property="og:title" content="CORPORATE TOURNAMENT" />
<meta property="og:description" content="Click here and have a glimpse of the Tournment: This tournament takes place since 2004 in São Paulo and in Paris, and since 2007 in Rio de Janeiro. The Gol de Letra Tournament, besides being the most traditional corporate football championship of the country, it´s also an important source of free resource collection for Gol [&hellip;]" />
<meta property="og:url" content="https://goldeletra.org.br/en/campanha/torneio-corporativo/" />
<meta property="og:site_name" content="Fundação Gol de Letra" />
<meta property="article:publisher" content="https://www.facebook.com/FundacaoGolDeLetra" />
<meta property="article:modified_time" content="2025-04-25T13:58:44+00:00" />
<meta name="twitter:card" content="summary_large_image" />
<meta name="twitter:label1" content="Est. reading time" />
	<meta name="twitter:data1" content="2 minutes" />
<script type="application/ld+json" class="yoast-schema-graph">{"@context":"https://schema.org","@graph":[{"@type":"WebPage","@id":"https://goldeletra.org.br/campanha/torneio-corporativo/","url":"https://goldeletra.org.br/campanha/torneio-corporativo/","name":"CORPORATE TOURNAMENT","isPartOf":{"@id":"https://goldeletra.org.br/#website"},"datePublished":"2019-11-05T20:06:44+00:00","dateModified":"2025-04-25T13:58:44+00:00","breadcrumb":{"@id":"https://goldeletra.org.br/campanha/torneio-corporativo/#breadcrumb"},"inLanguage":"en-US","potentialAction":[{"@type":"ReadAction","target":["https://goldeletra.org.br/campanha/torneio-corporativo/"]}]},{"@type":"BreadcrumbList","@id":"https://goldeletra.org.br/campanha/torneio-corporativo/#breadcrumb","itemListElement":[{"@type":"ListItem","position":1,"name":"Home","item":"https://goldeletra.org.br/"},{"@type":"ListItem","position":2,"name":"Nota Fiscal Paulista"}]},{"@type":"WebSite","@id":"https://goldeletra.org.br/#website","url":"https://goldeletra.org.br/","name":"Fundação Gol de Letra","description":"Organização sem fins lucrativos que contribui com a educação de crianças e jovens de comunidades populares para que tenham mais perspectivas de vida.","publisher":{"@id":"https://goldeletra.org.br/#organization"},"potentialAction":[{"@type":"SearchAction","target":{"@type":"EntryPoint","urlTemplate":"https://goldeletra.org.br/?s={search_term_string}"},"query-input":{"@type":"PropertyValueSpecification","valueRequired":true,"valueName":"search_term_string"}}],"inLanguage":"en-US"},{"@type":"Organization","@id":"https://goldeletra.org.br/#organization","name":"Fundação Gol de Letra","url":"https://goldeletra.org.br/","logo":{"@type":"ImageObject","inLanguage":"en-US","@id":"https://goldeletra.org.br/#/schema/logo/image/","url":"https://goldeletra.org.br/wp-content/uploads/2020/01/logo.svg","contentUrl":"https://goldeletra.org.br/wp-content/uploads/2020/01/logo.svg","caption":"Fundação Gol de Letra"},"image":{"@id":"https://goldeletra.org.br/#/schema/logo/image/"},"sameAs":["https://www.facebook.com/FundacaoGolDeLetra","https://www.instagram.com/goldeletrabr/"]}]}</script>
<!-- / Yoast SEO plugin. -->

[:en]CORPORATE TOURNAMENT[:pt]Nota Fiscal Paulista[:fr]TOURNOIS DES ENTREPRISES[:] - Fundação Gol de Letra

Click here and have a glimpse of the Tournment: This tournament takes place since 2004 in São Paulo and in Paris, and since 2007 in Rio de Janeiro. The Gol de Letra Tournament, besides being the most traditional corporate football championship of the country, it´s also an important source of free resource collection for Gol [&hellip;]

Fundação Gol de Letra

Organização sem fins lucrativos que contribui com a educação de crianças e jovens de comunidades populares para que tenham mais perspectivas de vida.
