{"id":71,"date":"2019-09-09T13:50:36","date_gmt":"2019-09-09T16:50:36","guid":{"rendered":"http:\/\/localhost\/GDL\/wordpress\/?post_type=depoimento&#038;p=71"},"modified":"2019-12-06T17:37:46","modified_gmt":"2019-12-06T19:37:46","slug":"jaime-caetano-de-almeida-professor-e-socio-titular-doador-desde-2010","status":"publish","type":"depoimento","link":"https:\/\/goldeletra.org.br\/en\/depoimento\/jaime-caetano-de-almeida-professor-e-socio-titular-doador-desde-2010\/","title":{"rendered":"Jaime Caetano de Almeida, teacher. Associate and Donator since 2010."},"content":{"rendered":"\n<p>&#8220;I learned about Gol de Letra and became impressed by its work, which, with the commitment and genuine interest, give assistance to the young people and their families, complementing their basic education. I am a teacher and I met some young people that took part in the Foundation\u00b4s project. It is very rewarding to know that my small contribution is being somehow helpful in their journey.&#8221;<\/p>\n","protected":false},"featured_media":54,"template":"","class_list":["post-71","depoimento","type-depoimento","status-publish","has-post-thumbnail","hentry"],"yoast_head":"<!-- This site is optimized with the Yoast SEO plugin v26.6 - https:\/\/yoast.com\/wordpress\/plugins\/seo\/ -->\n<title>Jaime Caetano de Almeida, teacher. Associate and Donator since 2010.<\/title>\n<meta name=\"robots\" content=\"index, follow, max-snippet:-1, max-image-preview:large, max-video-preview:-1\" \/>\n<link rel=\"canonical\" href=\"https:\/\/goldeletra.org.br\/en\/depoimento\/jaime-caetano-de-almeida-professor-e-socio-titular-doador-desde-2010\/\" \/>\n<meta property=\"og:locale\" content=\"en_US\" \/>\n<meta property=\"og:locale:alternate\" content=\"pt_BR\" \/>\n<meta property=\"og:locale:alternate\" content=\"fr\" \/>\n<meta property=\"og:type\" content=\"article\" \/>\n<meta property=\"og:title\" content=\"Jaime Caetano de Almeida, teacher. Associate and Donator since 2010.\" \/>\n<meta property=\"og:description\" content=\"&#8220;I learned about Gol de Letra and became impressed by its work, which, with the commitment and genuine interest, give assistance to the young people and their families, complementing their basic education. I am a teacher and I met some young people that took part in the Foundation\u00b4s project. It is very rewarding to know [&hellip;]\" \/>\n<meta property=\"og:url\" content=\"https:\/\/goldeletra.org.br\/en\/depoimento\/jaime-caetano-de-almeida-professor-e-socio-titular-doador-desde-2010\/\" \/>\n<meta property=\"og:site_name\" content=\"Funda\u00e7\u00e3o Gol de Letra\" \/>\n<meta property=\"article:publisher\" content=\"https:\/\/www.facebook.com\/FundacaoGolDeLetra\" \/>\n<meta property=\"article:modified_time\" content=\"2019-12-06T19:37:46+00:00\" \/>\n<meta property=\"og:image\" content=\"https:\/\/goldeletra.org.br\/wp-content\/uploads\/2019\/09\/jaime.jpg\" \/>\n\t<meta property=\"og:image:width\" content=\"550\" \/>\n\t<meta property=\"og:image:height\" content=\"367\" \/>\n\t<meta property=\"og:image:type\" content=\"image\/jpeg\" \/>\n<meta name=\"twitter:card\" content=\"summary_large_image\" \/>\n<meta name=\"twitter:label1\" content=\"Est. reading time\" \/>\n\t<meta name=\"twitter:data1\" content=\"1 minute\" \/>\n<script type=\"application\/ld+json\" class=\"yoast-schema-graph\">{\"@context\":\"https:\/\/schema.org\",\"@graph\":[{\"@type\":\"WebPage\",\"@id\":\"https:\/\/goldeletra.org.br\/depoimento\/jaime-caetano-de-almeida-professor-e-socio-titular-doador-desde-2010\/\",\"url\":\"https:\/\/goldeletra.org.br\/depoimento\/jaime-caetano-de-almeida-professor-e-socio-titular-doador-desde-2010\/\",\"name\":\"Jaime Caetano de Almeida, teacher. Associate and Donator since 2010.\",\"isPartOf\":{\"@id\":\"https:\/\/goldeletra.org.br\/#website\"},\"primaryImageOfPage\":{\"@id\":\"https:\/\/goldeletra.org.br\/depoimento\/jaime-caetano-de-almeida-professor-e-socio-titular-doador-desde-2010\/#primaryimage\"},\"image\":{\"@id\":\"https:\/\/goldeletra.org.br\/depoimento\/jaime-caetano-de-almeida-professor-e-socio-titular-doador-desde-2010\/#primaryimage\"},\"thumbnailUrl\":\"https:\/\/goldeletra.org.br\/wp-content\/uploads\/2019\/09\/jaime.jpg\",\"datePublished\":\"2019-09-09T16:50:36+00:00\",\"dateModified\":\"2019-12-06T19:37:46+00:00\",\"breadcrumb\":{\"@id\":\"https:\/\/goldeletra.org.br\/depoimento\/jaime-caetano-de-almeida-professor-e-socio-titular-doador-desde-2010\/#breadcrumb\"},\"inLanguage\":\"en-US\",\"potentialAction\":[{\"@type\":\"ReadAction\",\"target\":[\"https:\/\/goldeletra.org.br\/depoimento\/jaime-caetano-de-almeida-professor-e-socio-titular-doador-desde-2010\/\"]}]},{\"@type\":\"ImageObject\",\"inLanguage\":\"en-US\",\"@id\":\"https:\/\/goldeletra.org.br\/depoimento\/jaime-caetano-de-almeida-professor-e-socio-titular-doador-desde-2010\/#primaryimage\",\"url\":\"https:\/\/goldeletra.org.br\/wp-content\/uploads\/2019\/09\/jaime.jpg\",\"contentUrl\":\"https:\/\/goldeletra.org.br\/wp-content\/uploads\/2019\/09\/jaime.jpg\",\"width\":550,\"height\":367},{\"@type\":\"BreadcrumbList\",\"@id\":\"https:\/\/goldeletra.org.br\/depoimento\/jaime-caetano-de-almeida-professor-e-socio-titular-doador-desde-2010\/#breadcrumb\",\"itemListElement\":[{\"@type\":\"ListItem\",\"position\":1,\"name\":\"Home\",\"item\":\"https:\/\/goldeletra.org.br\/\"},{\"@type\":\"ListItem\",\"position\":2,\"name\":\"Jaime Caetano de Almeida, professor e s\u00f3cio titular doador desde 2010\"}]},{\"@type\":\"WebSite\",\"@id\":\"https:\/\/goldeletra.org.br\/#website\",\"url\":\"https:\/\/goldeletra.org.br\/\",\"name\":\"Funda\u00e7\u00e3o Gol de Letra\",\"description\":\"Organiza\u00e7\u00e3o sem fins lucrativos que contribui com a educa\u00e7\u00e3o de crian\u00e7as e jovens de comunidades populares para que tenham mais perspectivas de vida.\",\"publisher\":{\"@id\":\"https:\/\/goldeletra.org.br\/#organization\"},\"potentialAction\":[{\"@type\":\"SearchAction\",\"target\":{\"@type\":\"EntryPoint\",\"urlTemplate\":\"https:\/\/goldeletra.org.br\/?s={search_term_string}\"},\"query-input\":{\"@type\":\"PropertyValueSpecification\",\"valueRequired\":true,\"valueName\":\"search_term_string\"}}],\"inLanguage\":\"en-US\"},{\"@type\":\"Organization\",\"@id\":\"https:\/\/goldeletra.org.br\/#organization\",\"name\":\"Funda\u00e7\u00e3o Gol de Letra\",\"url\":\"https:\/\/goldeletra.org.br\/\",\"logo\":{\"@type\":\"ImageObject\",\"inLanguage\":\"en-US\",\"@id\":\"https:\/\/goldeletra.org.br\/#\/schema\/logo\/image\/\",\"url\":\"https:\/\/goldeletra.org.br\/wp-content\/uploads\/2020\/01\/logo.svg\",\"contentUrl\":\"https:\/\/goldeletra.org.br\/wp-content\/uploads\/2020\/01\/logo.svg\",\"caption\":\"Funda\u00e7\u00e3o Gol de Letra\"},\"image\":{\"@id\":\"https:\/\/goldeletra.org.br\/#\/schema\/logo\/image\/\"},\"sameAs\":[\"https:\/\/www.facebook.com\/FundacaoGolDeLetra\",\"https:\/\/www.instagram.com\/goldeletrabr\/\"]}]}<\/script>\n<!-- \/ Yoast SEO plugin. -->","yoast_head_json":{"title":"Jaime Caetano de Almeida, teacher. Associate and Donator since 2010.","robots":{"index":"index","follow":"follow","max-snippet":"max-snippet:-1","max-image-preview":"max-image-preview:large","max-video-preview":"max-video-preview:-1"},"canonical":"https:\/\/goldeletra.org.br\/en\/depoimento\/jaime-caetano-de-almeida-professor-e-socio-titular-doador-desde-2010\/","og_locale":"en_US","og_type":"article","og_title":"[:en]Jaime Caetano de Almeida, teacher. Associate and Donator since 2010.[:pt]Jaime Caetano de Almeida, professor e s\u00f3cio titular doador desde 2010[:fr]Jaime Caetano de Almeida, professeur et membre donateur titulaire depuis 2010[:] - Funda\u00e7\u00e3o Gol de Letra","og_description":"&#8220;I learned about Gol de Letra and became impressed by its work, which, with the commitment and genuine interest, give assistance to the young people and their families, complementing their basic education. I am a teacher and I met some young people that took part in the Foundation\u00b4s project. It is very rewarding to know [&hellip;]","og_url":"https:\/\/goldeletra.org.br\/en\/depoimento\/jaime-caetano-de-almeida-professor-e-socio-titular-doador-desde-2010\/","og_site_name":"Funda\u00e7\u00e3o Gol de Letra","article_publisher":"https:\/\/www.facebook.com\/FundacaoGolDeLetra","article_modified_time":"2019-12-06T19:37:46+00:00","og_image":[{"width":550,"height":367,"url":"https:\/\/goldeletra.org.br\/wp-content\/uploads\/2019\/09\/jaime.jpg","type":"image\/jpeg"}],"twitter_card":"summary_large_image","twitter_misc":{"Est. reading time":"1 minute"},"schema":{"@context":"https:\/\/schema.org","@graph":[{"@type":"WebPage","@id":"https:\/\/goldeletra.org.br\/depoimento\/jaime-caetano-de-almeida-professor-e-socio-titular-doador-desde-2010\/","url":"https:\/\/goldeletra.org.br\/depoimento\/jaime-caetano-de-almeida-professor-e-socio-titular-doador-desde-2010\/","name":"Jaime Caetano de Almeida, teacher. Associate and Donator since 2010.","isPartOf":{"@id":"https:\/\/goldeletra.org.br\/#website"},"primaryImageOfPage":{"@id":"https:\/\/goldeletra.org.br\/depoimento\/jaime-caetano-de-almeida-professor-e-socio-titular-doador-desde-2010\/#primaryimage"},"image":{"@id":"https:\/\/goldeletra.org.br\/depoimento\/jaime-caetano-de-almeida-professor-e-socio-titular-doador-desde-2010\/#primaryimage"},"thumbnailUrl":"https:\/\/goldeletra.org.br\/wp-content\/uploads\/2019\/09\/jaime.jpg","datePublished":"2019-09-09T16:50:36+00:00","dateModified":"2019-12-06T19:37:46+00:00","breadcrumb":{"@id":"https:\/\/goldeletra.org.br\/depoimento\/jaime-caetano-de-almeida-professor-e-socio-titular-doador-desde-2010\/#breadcrumb"},"inLanguage":"en-US","potentialAction":[{"@type":"ReadAction","target":["https:\/\/goldeletra.org.br\/depoimento\/jaime-caetano-de-almeida-professor-e-socio-titular-doador-desde-2010\/"]}]},{"@type":"ImageObject","inLanguage":"en-US","@id":"https:\/\/goldeletra.org.br\/depoimento\/jaime-caetano-de-almeida-professor-e-socio-titular-doador-desde-2010\/#primaryimage","url":"https:\/\/goldeletra.org.br\/wp-content\/uploads\/2019\/09\/jaime.jpg","contentUrl":"https:\/\/goldeletra.org.br\/wp-content\/uploads\/2019\/09\/jaime.jpg","width":550,"height":367},{"@type":"BreadcrumbList","@id":"https:\/\/goldeletra.org.br\/depoimento\/jaime-caetano-de-almeida-professor-e-socio-titular-doador-desde-2010\/#breadcrumb","itemListElement":[{"@type":"ListItem","position":1,"name":"Home","item":"https:\/\/goldeletra.org.br\/"},{"@type":"ListItem","position":2,"name":"Jaime Caetano de Almeida, professor e s\u00f3cio titular doador desde 2010"}]},{"@type":"WebSite","@id":"https:\/\/goldeletra.org.br\/#website","url":"https:\/\/goldeletra.org.br\/","name":"Funda\u00e7\u00e3o Gol de Letra","description":"Organiza\u00e7\u00e3o sem fins lucrativos que contribui com a educa\u00e7\u00e3o de crian\u00e7as e jovens de comunidades populares para que tenham mais perspectivas de vida.","publisher":{"@id":"https:\/\/goldeletra.org.br\/#organization"},"potentialAction":[{"@type":"SearchAction","target":{"@type":"EntryPoint","urlTemplate":"https:\/\/goldeletra.org.br\/?s={search_term_string}"},"query-input":{"@type":"PropertyValueSpecification","valueRequired":true,"valueName":"search_term_string"}}],"inLanguage":"en-US"},{"@type":"Organization","@id":"https:\/\/goldeletra.org.br\/#organization","name":"Funda\u00e7\u00e3o Gol de Letra","url":"https:\/\/goldeletra.org.br\/","logo":{"@type":"ImageObject","inLanguage":"en-US","@id":"https:\/\/goldeletra.org.br\/#\/schema\/logo\/image\/","url":"https:\/\/goldeletra.org.br\/wp-content\/uploads\/2020\/01\/logo.svg","contentUrl":"https:\/\/goldeletra.org.br\/wp-content\/uploads\/2020\/01\/logo.svg","caption":"Funda\u00e7\u00e3o Gol de Letra"},"image":{"@id":"https:\/\/goldeletra.org.br\/#\/schema\/logo\/image\/"},"sameAs":["https:\/\/www.facebook.com\/FundacaoGolDeLetra","https:\/\/www.instagram.com\/goldeletrabr\/"]}]}},"_links":{"self":[{"href":"https:\/\/goldeletra.org.br\/en\/wp-json\/wp\/v2\/depoimento\/71","targetHints":{"allow":["GET"]}}],"collection":[{"href":"https:\/\/goldeletra.org.br\/en\/wp-json\/wp\/v2\/depoimento"}],"about":[{"href":"https:\/\/goldeletra.org.br\/en\/wp-json\/wp\/v2\/types\/depoimento"}],"wp:featuredmedia":[{"embeddable":true,"href":"https:\/\/goldeletra.org.br\/en\/wp-json\/wp\/v2\/media\/54"}],"wp:attachment":[{"href":"https:\/\/goldeletra.org.br\/en\/wp-json\/wp\/v2\/media?parent=71"}],"curies":[{"name":"wp","href":"https:\/\/api.w.org\/{rel}","templated":true}]}}

<!-- This site is optimized with the Yoast SEO plugin v26.6 - https://yoast.com/wordpress/plugins/seo/ -->
<title>Jaime Caetano de Almeida, teacher. Associate and Donator since 2010.</title>
<meta name="robots" content="index, follow, max-snippet:-1, max-image-preview:large, max-video-preview:-1" />
<link rel="canonical" href="https://goldeletra.org.br/en/depoimento/jaime-caetano-de-almeida-professor-e-socio-titular-doador-desde-2010/" />
<meta property="og:locale" content="en_US" />
<meta property="og:locale:alternate" content="pt_BR" />
<meta property="og:locale:alternate" content="fr" />
<meta property="og:type" content="article" />
<meta property="og:title" content="Jaime Caetano de Almeida, teacher. Associate and Donator since 2010." />
<meta property="og:description" content="&#8220;I learned about Gol de Letra and became impressed by its work, which, with the commitment and genuine interest, give assistance to the young people and their families, complementing their basic education. I am a teacher and I met some young people that took part in the Foundation´s project. It is very rewarding to know [&hellip;]" />
<meta property="og:url" content="https://goldeletra.org.br/en/depoimento/jaime-caetano-de-almeida-professor-e-socio-titular-doador-desde-2010/" />
<meta property="og:site_name" content="Fundação Gol de Letra" />
<meta property="article:publisher" content="https://www.facebook.com/FundacaoGolDeLetra" />
<meta property="article:modified_time" content="2019-12-06T19:37:46+00:00" />
<meta property="og:image" content="https://goldeletra.org.br/wp-content/uploads/2019/09/jaime.jpg" />
	<meta property="og:image:width" content="550" />
	<meta property="og:image:height" content="367" />
	<meta property="og:image:type" content="image/jpeg" />
<meta name="twitter:card" content="summary_large_image" />
<meta name="twitter:label1" content="Est. reading time" />
	<meta name="twitter:data1" content="1 minute" />
<script type="application/ld+json" class="yoast-schema-graph">{"@context":"https://schema.org","@graph":[{"@type":"WebPage","@id":"https://goldeletra.org.br/depoimento/jaime-caetano-de-almeida-professor-e-socio-titular-doador-desde-2010/","url":"https://goldeletra.org.br/depoimento/jaime-caetano-de-almeida-professor-e-socio-titular-doador-desde-2010/","name":"Jaime Caetano de Almeida, teacher. Associate and Donator since 2010.","isPartOf":{"@id":"https://goldeletra.org.br/#website"},"primaryImageOfPage":{"@id":"https://goldeletra.org.br/depoimento/jaime-caetano-de-almeida-professor-e-socio-titular-doador-desde-2010/#primaryimage"},"image":{"@id":"https://goldeletra.org.br/depoimento/jaime-caetano-de-almeida-professor-e-socio-titular-doador-desde-2010/#primaryimage"},"thumbnailUrl":"https://goldeletra.org.br/wp-content/uploads/2019/09/jaime.jpg","datePublished":"2019-09-09T16:50:36+00:00","dateModified":"2019-12-06T19:37:46+00:00","breadcrumb":{"@id":"https://goldeletra.org.br/depoimento/jaime-caetano-de-almeida-professor-e-socio-titular-doador-desde-2010/#breadcrumb"},"inLanguage":"en-US","potentialAction":[{"@type":"ReadAction","target":["https://goldeletra.org.br/depoimento/jaime-caetano-de-almeida-professor-e-socio-titular-doador-desde-2010/"]}]},{"@type":"ImageObject","inLanguage":"en-US","@id":"https://goldeletra.org.br/depoimento/jaime-caetano-de-almeida-professor-e-socio-titular-doador-desde-2010/#primaryimage","url":"https://goldeletra.org.br/wp-content/uploads/2019/09/jaime.jpg","contentUrl":"https://goldeletra.org.br/wp-content/uploads/2019/09/jaime.jpg","width":550,"height":367},{"@type":"BreadcrumbList","@id":"https://goldeletra.org.br/depoimento/jaime-caetano-de-almeida-professor-e-socio-titular-doador-desde-2010/#breadcrumb","itemListElement":[{"@type":"ListItem","position":1,"name":"Home","item":"https://goldeletra.org.br/"},{"@type":"ListItem","position":2,"name":"Jaime Caetano de Almeida, professor e sócio titular doador desde 2010"}]},{"@type":"WebSite","@id":"https://goldeletra.org.br/#website","url":"https://goldeletra.org.br/","name":"Fundação Gol de Letra","description":"Organização sem fins lucrativos que contribui com a educação de crianças e jovens de comunidades populares para que tenham mais perspectivas de vida.","publisher":{"@id":"https://goldeletra.org.br/#organization"},"potentialAction":[{"@type":"SearchAction","target":{"@type":"EntryPoint","urlTemplate":"https://goldeletra.org.br/?s={search_term_string}"},"query-input":{"@type":"PropertyValueSpecification","valueRequired":true,"valueName":"search_term_string"}}],"inLanguage":"en-US"},{"@type":"Organization","@id":"https://goldeletra.org.br/#organization","name":"Fundação Gol de Letra","url":"https://goldeletra.org.br/","logo":{"@type":"ImageObject","inLanguage":"en-US","@id":"https://goldeletra.org.br/#/schema/logo/image/","url":"https://goldeletra.org.br/wp-content/uploads/2020/01/logo.svg","contentUrl":"https://goldeletra.org.br/wp-content/uploads/2020/01/logo.svg","caption":"Fundação Gol de Letra"},"image":{"@id":"https://goldeletra.org.br/#/schema/logo/image/"},"sameAs":["https://www.facebook.com/FundacaoGolDeLetra","https://www.instagram.com/goldeletrabr/"]}]}</script>
<!-- / Yoast SEO plugin. -->

[:en]Jaime Caetano de Almeida, teacher. Associate and Donator since 2010.[:pt]Jaime Caetano de Almeida, professor e sócio titular doador desde 2010[:fr]Jaime Caetano de Almeida, professeur et membre donateur titulaire depuis 2010[:] - Fundação Gol de Letra

Fundação Gol de Letra

Jaime Caetano de Almeida, professor e sócio titular doador desde 2010

Organização sem fins lucrativos que contribui com a educação de crianças e jovens de comunidades populares para que tenham mais perspectivas de vida.
