{"version":"1.0","provider_name":"Funda\u00e7\u00e3o Gol de Letra","provider_url":"https:\/\/goldeletra.org.br\/fr","author_name":"Marcella Alves","author_url":"https:\/\/goldeletra.org.br\/fr\/author\/comunicacaorj\/","title":"[:pt]Articula\u00e7\u00e3o comunit\u00e1ria: nossa experi\u00eancia no Parque Das Miss\u00f5es[:] - Funda\u00e7\u00e3o Gol de Letra","type":"rich","width":600,"height":338,"html":"<blockquote class=\"wp-embedded-content\" data-secret=\"yayfZviLW2\"><a href=\"https:\/\/goldeletra.org.br\/fr\/articulacao-comunitaria-nossa-experiencia-no-parque-das-missoes\/\">Articula\u00e7\u00e3o comunit\u00e1ria: nossa experi\u00eancia no Parque Das Miss\u00f5es<\/a><\/blockquote><iframe sandbox=\"allow-scripts\" security=\"restricted\" src=\"https:\/\/goldeletra.org.br\/fr\/articulacao-comunitaria-nossa-experiencia-no-parque-das-missoes\/embed\/#?secret=yayfZviLW2\" width=\"600\" height=\"338\" title=\"\u00ab\u00a0Articula\u00e7\u00e3o comunit\u00e1ria: nossa experi\u00eancia no Parque Das Miss\u00f5es\u00a0\u00bb &#8212; Funda\u00e7\u00e3o Gol de Letra\" data-secret=\"yayfZviLW2\" frameborder=\"0\" marginwidth=\"0\" marginheight=\"0\" scrolling=\"no\" class=\"wp-embedded-content\"><\/iframe><script type=\"text\/javascript\">\n\/* <![CDATA[ *\/\n\/*! This file is auto-generated *\/\n!function(d,l){\"use strict\";l.querySelector&&d.addEventListener&&\"undefined\"!=typeof URL&&(d.wp=d.wp||{},d.wp.receiveEmbedMessage||(d.wp.receiveEmbedMessage=function(e){var t=e.data;if((t||t.secret||t.message||t.value)&&!\/[^a-zA-Z0-9]\/.test(t.secret)){for(var s,r,n,a=l.querySelectorAll('iframe[data-secret=\"'+t.secret+'\"]'),o=l.querySelectorAll('blockquote[data-secret=\"'+t.secret+'\"]'),c=new RegExp(\"^https?:$\",\"i\"),i=0;i<o.length;i++)o[i].style.display=\"none\";for(i=0;i<a.length;i++)s=a[i],e.source===s.contentWindow&&(s.removeAttribute(\"style\"),\"height\"===t.message?(1e3<(r=parseInt(t.value,10))?r=1e3:~~r<200&&(r=200),s.height=r):\"link\"===t.message&&(r=new URL(s.getAttribute(\"src\")),n=new URL(t.value),c.test(n.protocol))&&n.host===r.host&&l.activeElement===s&&(d.top.location.href=t.value))}},d.addEventListener(\"message\",d.wp.receiveEmbedMessage,!1),l.addEventListener(\"DOMContentLoaded\",function(){for(var e,t,s=l.querySelectorAll(\"iframe.wp-embedded-content\"),r=0;r<s.length;r++)(t=(e=s[r]).getAttribute(\"data-secret\"))||(t=Math.random().toString(36).substring(2,12),e.src+=\"#?secret=\"+t,e.setAttribute(\"data-secret\",t)),e.contentWindow.postMessage({message:\"ready\",secret:t},\"*\")},!1)))}(window,document);\n\/* ]]> *\/\n<\/script>\n","thumbnail_url":"https:\/\/goldeletra.org.br\/wp-content\/uploads\/2024\/04\/3-1.jpeg","thumbnail_width":1280,"thumbnail_height":685,"description":"Entre a Linha Vermelha e a Rodovia Washington Luiz, situa-se o territ\u00f3rio do Parque das Miss\u00f5es, em Duque de Caxias, Rio de Janeiro. Esta comunidade, embora seja vibrante e potente, enfrenta desafios complexos decorrentes do abandono do poder p\u00fablico e das dificuldades do cotidiano. O Projeto Inspira\u00e7\u00e3o Caju, em parceria com a Petrobras, visa estender [&hellip;]"}

Fundação Gol de Letra

[:pt]Articulação comunitária: nossa experiência no Parque Das Missões[:] - Fundação Gol de Letra

<blockquote class="wp-embedded-content" data-secret="yayfZviLW2"><a href="https://goldeletra.org.br/fr/articulacao-comunitaria-nossa-experiencia-no-parque-das-missoes/">Articulação comunitária: nossa experiência no Parque Das Missões</a></blockquote><iframe sandbox="allow-scripts" security="restricted" src="https://goldeletra.org.br/fr/articulacao-comunitaria-nossa-experiencia-no-parque-das-missoes/embed/#?secret=yayfZviLW2" width="600" height="338" title="« Articulação comunitária: nossa experiência no Parque Das Missões » &#8212; Fundação Gol de Letra" data-secret="yayfZviLW2" frameborder="0" marginwidth="0" marginheight="0" scrolling="no" class="wp-embedded-content"></iframe><script type="text/javascript">
/* <![CDATA[ */
/*! This file is auto-generated */
!function(d,l){"use strict";l.querySelector&&d.addEventListener&&"undefined"!=typeof URL&&(d.wp=d.wp||{},d.wp.receiveEmbedMessage||(d.wp.receiveEmbedMessage=function(e){var t=e.data;if((t||t.secret||t.message||t.value)&&!/[^a-zA-Z0-9]/.test(t.secret)){for(var s,r,n,a=l.querySelectorAll('iframe[data-secret="'+t.secret+'"]'),o=l.querySelectorAll('blockquote[data-secret="'+t.secret+'"]'),c=new RegExp("^https?:$","i"),i=0;i<o.length;i++)o[i].style.display="none";for(i=0;i<a.length;i++)s=a[i],e.source===s.contentWindow&&(s.removeAttribute("style"),"height"===t.message?(1e3<(r=parseInt(t.value,10))?r=1e3:~~r<200&&(r=200),s.height=r):"link"===t.message&&(r=new URL(s.getAttribute("src")),n=new URL(t.value),c.test(n.protocol))&&n.host===r.host&&l.activeElement===s&&(d.top.location.href=t.value))}},d.addEventListener("message",d.wp.receiveEmbedMessage,!1),l.addEventListener("DOMContentLoaded",function(){for(var e,t,s=l.querySelectorAll("iframe.wp-embedded-content"),r=0;r<s.length;r++)(t=(e=s[r]).getAttribute("data-secret"))||(t=Math.random().toString(36).substring(2,12),e.src+="#?secret="+t,e.setAttribute("data-secret",t)),e.contentWindow.postMessage({message:"ready",secret:t},"*")},!1)))}(window,document);
/* ]]> */
</script>

Entre a Linha Vermelha e a Rodovia Washington Luiz, situa-se o território do Parque das Missões, em Duque de Caxias, Rio de Janeiro. Esta comunidade, embora seja vibrante e potente, enfrenta desafios complexos decorrentes do abandono do poder público e das dificuldades do cotidiano. O Projeto Inspiração Caju, em parceria com a Petrobras, visa estender [&hellip;]
