{"version":"1.0","provider_name":"Funda\u00e7\u00e3o Gol de Letra","provider_url":"https:\/\/goldeletra.org.br\/fr","author_name":"Funda\u00e7\u00e3o Gol de Letra","author_url":"https:\/\/goldeletra.org.br\/fr","title":"[:en]Denis Escudeiro Pereira, Associated and donator since 2003[:pt]Denis Escudeiro Pereira, s\u00f3cio titular doador desde 2003[:fr]Denis Escudeiro Pereira, membre donateur titulaire depuis 2003[:] - Funda\u00e7\u00e3o Gol de Letra","type":"rich","width":600,"height":338,"html":"<blockquote class=\"wp-embedded-content\" data-secret=\"EYa1gkVops\"><a href=\"https:\/\/goldeletra.org.br\/fr\/depoimento\/denis-escudeiro-pereira-socio-titular-doador-desde-2003\/\">Denis Escudeiro Pereira, membre donateur titulaire depuis 2003<\/a><\/blockquote><iframe sandbox=\"allow-scripts\" security=\"restricted\" src=\"https:\/\/goldeletra.org.br\/fr\/depoimento\/denis-escudeiro-pereira-socio-titular-doador-desde-2003\/embed\/#?secret=EYa1gkVops\" width=\"600\" height=\"338\" title=\"\u00ab\u00a0Denis Escudeiro Pereira, membre donateur titulaire depuis 2003\u00a0\u00bb &#8212; Funda\u00e7\u00e3o Gol de Letra\" data-secret=\"EYa1gkVops\" frameborder=\"0\" marginwidth=\"0\" marginheight=\"0\" scrolling=\"no\" class=\"wp-embedded-content\"><\/iframe><script type=\"text\/javascript\">\n\/* <![CDATA[ *\/\n\/*! This file is auto-generated *\/\n!function(d,l){\"use strict\";l.querySelector&&d.addEventListener&&\"undefined\"!=typeof URL&&(d.wp=d.wp||{},d.wp.receiveEmbedMessage||(d.wp.receiveEmbedMessage=function(e){var t=e.data;if((t||t.secret||t.message||t.value)&&!\/[^a-zA-Z0-9]\/.test(t.secret)){for(var s,r,n,a=l.querySelectorAll('iframe[data-secret=\"'+t.secret+'\"]'),o=l.querySelectorAll('blockquote[data-secret=\"'+t.secret+'\"]'),c=new RegExp(\"^https?:$\",\"i\"),i=0;i<o.length;i++)o[i].style.display=\"none\";for(i=0;i<a.length;i++)s=a[i],e.source===s.contentWindow&&(s.removeAttribute(\"style\"),\"height\"===t.message?(1e3<(r=parseInt(t.value,10))?r=1e3:~~r<200&&(r=200),s.height=r):\"link\"===t.message&&(r=new URL(s.getAttribute(\"src\")),n=new URL(t.value),c.test(n.protocol))&&n.host===r.host&&l.activeElement===s&&(d.top.location.href=t.value))}},d.addEventListener(\"message\",d.wp.receiveEmbedMessage,!1),l.addEventListener(\"DOMContentLoaded\",function(){for(var e,t,s=l.querySelectorAll(\"iframe.wp-embedded-content\"),r=0;r<s.length;r++)(t=(e=s[r]).getAttribute(\"data-secret\"))||(t=Math.random().toString(36).substring(2,12),e.src+=\"#?secret=\"+t,e.setAttribute(\"data-secret\",t)),e.contentWindow.postMessage({message:\"ready\",secret:t},\"*\")},!1)))}(window,document);\n\/* ]]> *\/\n<\/script>\n","thumbnail_url":"https:\/\/goldeletra.org.br\/wp-content\/uploads\/2019\/09\/denis.jpg","thumbnail_width":550,"thumbnail_height":367,"description":"\u00ab\u00a0Il existe plusieurs fa\u00e7ons d&rsquo;aider les gens et quand nous pouvons soutenir des initiatives structur\u00e9es, sans qu\u00b4il y ait des doutes, nous sommes plus dispos\u00e9s \u00e0 maintenir un partenariat avec ces institutions. C\u2019est la Fondation Gol de Letra! C\u2019est une mani\u00e8re que j\u2019ai trouv\u00e9 pour aider mon prochain, en ayant la certitude que chaque centime [&hellip;]"}

Fundação Gol de Letra

[:en]Denis Escudeiro Pereira, Associated and donator since 2003[:pt]Denis Escudeiro Pereira, sócio titular doador desde 2003[:fr]Denis Escudeiro Pereira, membre donateur titulaire depuis 2003[:] - Fundação Gol de Letra

<blockquote class="wp-embedded-content" data-secret="EYa1gkVops"><a href="https://goldeletra.org.br/fr/depoimento/denis-escudeiro-pereira-socio-titular-doador-desde-2003/">Denis Escudeiro Pereira, membre donateur titulaire depuis 2003</a></blockquote><iframe sandbox="allow-scripts" security="restricted" src="https://goldeletra.org.br/fr/depoimento/denis-escudeiro-pereira-socio-titular-doador-desde-2003/embed/#?secret=EYa1gkVops" width="600" height="338" title="« Denis Escudeiro Pereira, membre donateur titulaire depuis 2003 » &#8212; Fundação Gol de Letra" data-secret="EYa1gkVops" frameborder="0" marginwidth="0" marginheight="0" scrolling="no" class="wp-embedded-content"></iframe><script type="text/javascript">
/* <![CDATA[ */
/*! This file is auto-generated */
!function(d,l){"use strict";l.querySelector&&d.addEventListener&&"undefined"!=typeof URL&&(d.wp=d.wp||{},d.wp.receiveEmbedMessage||(d.wp.receiveEmbedMessage=function(e){var t=e.data;if((t||t.secret||t.message||t.value)&&!/[^a-zA-Z0-9]/.test(t.secret)){for(var s,r,n,a=l.querySelectorAll('iframe[data-secret="'+t.secret+'"]'),o=l.querySelectorAll('blockquote[data-secret="'+t.secret+'"]'),c=new RegExp("^https?:$","i"),i=0;i<o.length;i++)o[i].style.display="none";for(i=0;i<a.length;i++)s=a[i],e.source===s.contentWindow&&(s.removeAttribute("style"),"height"===t.message?(1e3<(r=parseInt(t.value,10))?r=1e3:~~r<200&&(r=200),s.height=r):"link"===t.message&&(r=new URL(s.getAttribute("src")),n=new URL(t.value),c.test(n.protocol))&&n.host===r.host&&l.activeElement===s&&(d.top.location.href=t.value))}},d.addEventListener("message",d.wp.receiveEmbedMessage,!1),l.addEventListener("DOMContentLoaded",function(){for(var e,t,s=l.querySelectorAll("iframe.wp-embedded-content"),r=0;r<s.length;r++)(t=(e=s[r]).getAttribute("data-secret"))||(t=Math.random().toString(36).substring(2,12),e.src+="#?secret="+t,e.setAttribute("data-secret",t)),e.contentWindow.postMessage({message:"ready",secret:t},"*")},!1)))}(window,document);
/* ]]> */
</script>

« Il existe plusieurs façons d&rsquo;aider les gens et quand nous pouvons soutenir des initiatives structurées, sans qu´il y ait des doutes, nous sommes plus disposés à maintenir un partenariat avec ces institutions. C’est la Fondation Gol de Letra! C’est une manière que j’ai trouvé pour aider mon prochain, en ayant la certitude que chaque centime [&hellip;]
