{"id":526,"date":"2019-11-05T18:06:44","date_gmt":"2019-11-05T20:06:44","guid":{"rendered":"http:\/\/localhost\/GDL\/wordpress\/?post_type=campanha&#038;p=526"},"modified":"2025-04-25T10:58:44","modified_gmt":"2025-04-25T13:58:44","slug":"torneio-corporativo","status":"publish","type":"campanha","link":"https:\/\/goldeletra.org.br\/fr\/campanha\/torneio-corporativo\/","title":{"rendered":"TOURNOIS DES ENTREPRISES"},"content":{"rendered":"\n<p>L&rsquo;\u00e9v\u00e9nement est n\u00e9 de l&rsquo;id\u00e9e de lever des fonds tout en encourageant la pratique sportive et en favorisant l&rsquo;int\u00e9gration des collaborateurs dans les  entreprises participantes. La participation financi\u00e8re de chaque entreprise sert \u00e0 assurer les projets de la Fondation. Les entreprises participantes vivent ainsi des moments uniques et forts en \u00e9motions.<\/p>\n\n\n\n<p> Cliquez ici pour plus d\u2019informations:<\/p>\n\n\n\n<div class=\"wp-block-button\"><a class=\"wp-block-button__link wp-element-button\" href=\"https:\/torneio2016\/\">\u00c9dition 2016<\/a><\/div>\n\n\n\n<div class=\"wp-block-button\"><a class=\"wp-block-button__link wp-element-button\" href=\"https:\/torneio2017\/\">\u00c9dition 2017<\/a><\/div>\n\n\n\n<div class=\"wp-block-button\"><a class=\"wp-block-button__link wp-element-button\" href=\"https:\/torneio2018\/rj\">\u00c9dition 2018 \/ RJ <\/a><\/div>\n\n\n\n<div class=\"wp-block-button\"><a class=\"wp-block-button__link wp-element-button\" href=\"https:\/torneio2018\/sp\">\u00c9dition 2018 \/ SP<\/a><\/div>\n\n\n\n<div class=\"wp-block-buttons is-content-justification-center is-layout-flex wp-container-core-buttons-is-layout-1 wp-block-buttons-is-layout-flex\">\n<div class=\"wp-block-button\"><a class=\"wp-block-button__link has-text-align-center wp-element-button\" href=\"https:\/\/goldeletra.org.br\/wp-content\/uploads\/2024\/02\/Tournoi_2024_GDL.pdf\">Tournoi 2024 &#8211; France<\/a><\/div>\n\n\n\n<div class=\"wp-block-button\"><a class=\"wp-block-button__link wp-element-button\" href=\"https:\/\/goldeletra.org.br\/wp-content\/uploads\/2025\/04\/Gol-de-Letra_Tournoi_2025-4.pdf\"><strong>Tournoi 2025 &#8211; France<\/strong><\/a><\/div>\n<\/div>\n\n\n\n<div class=\"wp-block-wpseed-container\">\n<p><strong>Confirmez la participation de votre \u00e9quipe d&rsquo;entreprise :&nbsp;<\/strong><\/p>\n\n\n\n<p><strong>Juliette Vincent<\/strong><\/p>\n\n\n\n<p><strong>06 45 63 35 44 \/ juliette.vincent@goldeletra.org.br<\/strong><\/p>\n<\/div>\n","protected":false},"featured_media":0,"template":"","class_list":["post-526","campanha","type-campanha","status-publish","hentry"],"yoast_head":"<!-- This site is optimized with the Yoast SEO plugin v26.6 - https:\/\/yoast.com\/wordpress\/plugins\/seo\/ -->\n<title>TOURNOIS DES ENTREPRISES<\/title>\n<meta name=\"robots\" content=\"index, follow, max-snippet:-1, max-image-preview:large, max-video-preview:-1\" \/>\n<link rel=\"canonical\" href=\"https:\/\/goldeletra.org.br\/fr\/campanha\/torneio-corporativo\/\" \/>\n<meta property=\"og:locale\" content=\"fr_FR\" \/>\n<meta property=\"og:locale:alternate\" content=\"en_US\" \/>\n<meta property=\"og:locale:alternate\" content=\"pt_BR\" \/>\n<meta property=\"og:type\" content=\"article\" \/>\n<meta property=\"og:title\" content=\"TOURNOIS DES ENTREPRISES\" \/>\n<meta property=\"og:description\" content=\"L&rsquo;\u00e9v\u00e9nement est n\u00e9 de l&rsquo;id\u00e9e de lever des fonds tout en encourageant la pratique sportive et en favorisant l&rsquo;int\u00e9gration des collaborateurs dans les entreprises participantes. La participation financi\u00e8re de chaque entreprise sert \u00e0 assurer les projets de la Fondation. Les entreprises participantes vivent ainsi des moments uniques et forts en \u00e9motions. Cliquez ici pour plus [&hellip;]\" \/>\n<meta property=\"og:url\" content=\"https:\/\/goldeletra.org.br\/fr\/campanha\/torneio-corporativo\/\" \/>\n<meta property=\"og:site_name\" content=\"Funda\u00e7\u00e3o Gol de Letra\" \/>\n<meta property=\"article:publisher\" content=\"https:\/\/www.facebook.com\/FundacaoGolDeLetra\" \/>\n<meta property=\"article:modified_time\" content=\"2025-04-25T13:58:44+00:00\" \/>\n<meta name=\"twitter:card\" content=\"summary_large_image\" \/>\n<meta name=\"twitter:label1\" content=\"Dur\u00e9e de lecture estim\u00e9e\" \/>\n\t<meta name=\"twitter:data1\" content=\"2 minutes\" \/>\n<script type=\"application\/ld+json\" class=\"yoast-schema-graph\">{\"@context\":\"https:\/\/schema.org\",\"@graph\":[{\"@type\":\"WebPage\",\"@id\":\"https:\/\/goldeletra.org.br\/campanha\/torneio-corporativo\/\",\"url\":\"https:\/\/goldeletra.org.br\/campanha\/torneio-corporativo\/\",\"name\":\"TOURNOIS DES ENTREPRISES\",\"isPartOf\":{\"@id\":\"https:\/\/goldeletra.org.br\/#website\"},\"datePublished\":\"2019-11-05T20:06:44+00:00\",\"dateModified\":\"2025-04-25T13:58:44+00:00\",\"breadcrumb\":{\"@id\":\"https:\/\/goldeletra.org.br\/campanha\/torneio-corporativo\/#breadcrumb\"},\"inLanguage\":\"fr\",\"potentialAction\":[{\"@type\":\"ReadAction\",\"target\":[\"https:\/\/goldeletra.org.br\/campanha\/torneio-corporativo\/\"]}]},{\"@type\":\"BreadcrumbList\",\"@id\":\"https:\/\/goldeletra.org.br\/campanha\/torneio-corporativo\/#breadcrumb\",\"itemListElement\":[{\"@type\":\"ListItem\",\"position\":1,\"name\":\"Home\",\"item\":\"https:\/\/goldeletra.org.br\/\"},{\"@type\":\"ListItem\",\"position\":2,\"name\":\"Nota Fiscal Paulista\"}]},{\"@type\":\"WebSite\",\"@id\":\"https:\/\/goldeletra.org.br\/#website\",\"url\":\"https:\/\/goldeletra.org.br\/\",\"name\":\"Funda\u00e7\u00e3o Gol de Letra\",\"description\":\"Organiza\u00e7\u00e3o sem fins lucrativos que contribui com a educa\u00e7\u00e3o de crian\u00e7as e jovens de comunidades populares para que tenham mais perspectivas de vida.\",\"publisher\":{\"@id\":\"https:\/\/goldeletra.org.br\/#organization\"},\"potentialAction\":[{\"@type\":\"SearchAction\",\"target\":{\"@type\":\"EntryPoint\",\"urlTemplate\":\"https:\/\/goldeletra.org.br\/?s={search_term_string}\"},\"query-input\":{\"@type\":\"PropertyValueSpecification\",\"valueRequired\":true,\"valueName\":\"search_term_string\"}}],\"inLanguage\":\"fr\"},{\"@type\":\"Organization\",\"@id\":\"https:\/\/goldeletra.org.br\/#organization\",\"name\":\"Funda\u00e7\u00e3o Gol de Letra\",\"url\":\"https:\/\/goldeletra.org.br\/\",\"logo\":{\"@type\":\"ImageObject\",\"inLanguage\":\"fr\",\"@id\":\"https:\/\/goldeletra.org.br\/#\/schema\/logo\/image\/\",\"url\":\"https:\/\/goldeletra.org.br\/wp-content\/uploads\/2020\/01\/logo.svg\",\"contentUrl\":\"https:\/\/goldeletra.org.br\/wp-content\/uploads\/2020\/01\/logo.svg\",\"caption\":\"Funda\u00e7\u00e3o Gol de Letra\"},\"image\":{\"@id\":\"https:\/\/goldeletra.org.br\/#\/schema\/logo\/image\/\"},\"sameAs\":[\"https:\/\/www.facebook.com\/FundacaoGolDeLetra\",\"https:\/\/www.instagram.com\/goldeletrabr\/\"]}]}<\/script>\n<!-- \/ Yoast SEO plugin. -->","yoast_head_json":{"title":"TOURNOIS DES ENTREPRISES","robots":{"index":"index","follow":"follow","max-snippet":"max-snippet:-1","max-image-preview":"max-image-preview:large","max-video-preview":"max-video-preview:-1"},"canonical":"https:\/\/goldeletra.org.br\/fr\/campanha\/torneio-corporativo\/","og_locale":"fr_FR","og_type":"article","og_title":"[:en]CORPORATE TOURNAMENT[:pt]Nota Fiscal Paulista[:fr]TOURNOIS DES ENTREPRISES[:] - Funda\u00e7\u00e3o Gol de Letra","og_description":"L&rsquo;\u00e9v\u00e9nement est n\u00e9 de l&rsquo;id\u00e9e de lever des fonds tout en encourageant la pratique sportive et en favorisant l&rsquo;int\u00e9gration des collaborateurs dans les entreprises participantes. La participation financi\u00e8re de chaque entreprise sert \u00e0 assurer les projets de la Fondation. Les entreprises participantes vivent ainsi des moments uniques et forts en \u00e9motions. Cliquez ici pour plus [&hellip;]","og_url":"https:\/\/goldeletra.org.br\/fr\/campanha\/torneio-corporativo\/","og_site_name":"Funda\u00e7\u00e3o Gol de Letra","article_publisher":"https:\/\/www.facebook.com\/FundacaoGolDeLetra","article_modified_time":"2025-04-25T13:58:44+00:00","twitter_card":"summary_large_image","twitter_misc":{"Dur\u00e9e de lecture estim\u00e9e":"2 minutes"},"schema":{"@context":"https:\/\/schema.org","@graph":[{"@type":"WebPage","@id":"https:\/\/goldeletra.org.br\/campanha\/torneio-corporativo\/","url":"https:\/\/goldeletra.org.br\/campanha\/torneio-corporativo\/","name":"TOURNOIS DES ENTREPRISES","isPartOf":{"@id":"https:\/\/goldeletra.org.br\/#website"},"datePublished":"2019-11-05T20:06:44+00:00","dateModified":"2025-04-25T13:58:44+00:00","breadcrumb":{"@id":"https:\/\/goldeletra.org.br\/campanha\/torneio-corporativo\/#breadcrumb"},"inLanguage":"fr","potentialAction":[{"@type":"ReadAction","target":["https:\/\/goldeletra.org.br\/campanha\/torneio-corporativo\/"]}]},{"@type":"BreadcrumbList","@id":"https:\/\/goldeletra.org.br\/campanha\/torneio-corporativo\/#breadcrumb","itemListElement":[{"@type":"ListItem","position":1,"name":"Home","item":"https:\/\/goldeletra.org.br\/"},{"@type":"ListItem","position":2,"name":"Nota Fiscal Paulista"}]},{"@type":"WebSite","@id":"https:\/\/goldeletra.org.br\/#website","url":"https:\/\/goldeletra.org.br\/","name":"Funda\u00e7\u00e3o Gol de Letra","description":"Organiza\u00e7\u00e3o sem fins lucrativos que contribui com a educa\u00e7\u00e3o de crian\u00e7as e jovens de comunidades populares para que tenham mais perspectivas de vida.","publisher":{"@id":"https:\/\/goldeletra.org.br\/#organization"},"potentialAction":[{"@type":"SearchAction","target":{"@type":"EntryPoint","urlTemplate":"https:\/\/goldeletra.org.br\/?s={search_term_string}"},"query-input":{"@type":"PropertyValueSpecification","valueRequired":true,"valueName":"search_term_string"}}],"inLanguage":"fr"},{"@type":"Organization","@id":"https:\/\/goldeletra.org.br\/#organization","name":"Funda\u00e7\u00e3o Gol de Letra","url":"https:\/\/goldeletra.org.br\/","logo":{"@type":"ImageObject","inLanguage":"fr","@id":"https:\/\/goldeletra.org.br\/#\/schema\/logo\/image\/","url":"https:\/\/goldeletra.org.br\/wp-content\/uploads\/2020\/01\/logo.svg","contentUrl":"https:\/\/goldeletra.org.br\/wp-content\/uploads\/2020\/01\/logo.svg","caption":"Funda\u00e7\u00e3o Gol de Letra"},"image":{"@id":"https:\/\/goldeletra.org.br\/#\/schema\/logo\/image\/"},"sameAs":["https:\/\/www.facebook.com\/FundacaoGolDeLetra","https:\/\/www.instagram.com\/goldeletrabr\/"]}]}},"_links":{"self":[{"href":"https:\/\/goldeletra.org.br\/fr\/wp-json\/wp\/v2\/campanha\/526","targetHints":{"allow":["GET"]}}],"collection":[{"href":"https:\/\/goldeletra.org.br\/fr\/wp-json\/wp\/v2\/campanha"}],"about":[{"href":"https:\/\/goldeletra.org.br\/fr\/wp-json\/wp\/v2\/types\/campanha"}],"version-history":[{"count":24,"href":"https:\/\/goldeletra.org.br\/fr\/wp-json\/wp\/v2\/campanha\/526\/revisions"}],"predecessor-version":[{"id":6066,"href":"https:\/\/goldeletra.org.br\/fr\/wp-json\/wp\/v2\/campanha\/526\/revisions\/6066"}],"wp:attachment":[{"href":"https:\/\/goldeletra.org.br\/fr\/wp-json\/wp\/v2\/media?parent=526"}],"curies":[{"name":"wp","href":"https:\/\/api.w.org\/{rel}","templated":true}]}}

<p>L&rsquo;événement est né de l&rsquo;idée de lever des fonds tout en encourageant la pratique sportive et en favorisant l&rsquo;intégration des collaborateurs dans les  entreprises participantes. La participation financière de chaque entreprise sert à assurer les projets de la Fondation. Les entreprises participantes vivent ainsi des moments uniques et forts en émotions.</p>



<p> Cliquez ici pour plus d’informations:</p>



<div class="wp-block-button"><a class="wp-block-button__link wp-element-button" href="https:/torneio2016/">Édition 2016</a></div>



<div class="wp-block-button"><a class="wp-block-button__link wp-element-button" href="https:/torneio2017/">Édition 2017</a></div>



<div class="wp-block-button"><a class="wp-block-button__link wp-element-button" href="https:/torneio2018/rj">Édition 2018 / RJ </a></div>



<div class="wp-block-button"><a class="wp-block-button__link wp-element-button" href="https:/torneio2018/sp">Édition 2018 / SP</a></div>



<div class="wp-block-buttons is-content-justification-center is-layout-flex wp-container-core-buttons-is-layout-1 wp-block-buttons-is-layout-flex">
<div class="wp-block-button"><a class="wp-block-button__link has-text-align-center wp-element-button" href="https://goldeletra.org.br/wp-content/uploads/2024/02/Tournoi_2024_GDL.pdf">Tournoi 2024 &#8211; France</a></div>



<div class="wp-block-button"><a class="wp-block-button__link wp-element-button" href="https://goldeletra.org.br/wp-content/uploads/2025/04/Gol-de-Letra_Tournoi_2025-4.pdf"><strong>Tournoi 2025 &#8211; France</strong></a></div>
</div>



<div class="wp-block-wpseed-container">
<p><strong>Confirmez la participation de votre équipe d&rsquo;entreprise :&nbsp;</strong></p>



<p><strong>Juliette Vincent</strong></p>



<p><strong>06 45 63 35 44 / juliette.vincent@goldeletra.org.br</strong></p>
</div>

<!-- This site is optimized with the Yoast SEO plugin v26.6 - https://yoast.com/wordpress/plugins/seo/ -->
<title>TOURNOIS DES ENTREPRISES</title>
<meta name="robots" content="index, follow, max-snippet:-1, max-image-preview:large, max-video-preview:-1" />
<link rel="canonical" href="https://goldeletra.org.br/fr/campanha/torneio-corporativo/" />
<meta property="og:locale" content="fr_FR" />
<meta property="og:locale:alternate" content="en_US" />
<meta property="og:locale:alternate" content="pt_BR" />
<meta property="og:type" content="article" />
<meta property="og:title" content="TOURNOIS DES ENTREPRISES" />
<meta property="og:description" content="L&rsquo;événement est né de l&rsquo;idée de lever des fonds tout en encourageant la pratique sportive et en favorisant l&rsquo;intégration des collaborateurs dans les entreprises participantes. La participation financière de chaque entreprise sert à assurer les projets de la Fondation. Les entreprises participantes vivent ainsi des moments uniques et forts en émotions. Cliquez ici pour plus [&hellip;]" />
<meta property="og:url" content="https://goldeletra.org.br/fr/campanha/torneio-corporativo/" />
<meta property="og:site_name" content="Fundação Gol de Letra" />
<meta property="article:publisher" content="https://www.facebook.com/FundacaoGolDeLetra" />
<meta property="article:modified_time" content="2025-04-25T13:58:44+00:00" />
<meta name="twitter:card" content="summary_large_image" />
<meta name="twitter:label1" content="Durée de lecture estimée" />
	<meta name="twitter:data1" content="2 minutes" />
<script type="application/ld+json" class="yoast-schema-graph">{"@context":"https://schema.org","@graph":[{"@type":"WebPage","@id":"https://goldeletra.org.br/campanha/torneio-corporativo/","url":"https://goldeletra.org.br/campanha/torneio-corporativo/","name":"TOURNOIS DES ENTREPRISES","isPartOf":{"@id":"https://goldeletra.org.br/#website"},"datePublished":"2019-11-05T20:06:44+00:00","dateModified":"2025-04-25T13:58:44+00:00","breadcrumb":{"@id":"https://goldeletra.org.br/campanha/torneio-corporativo/#breadcrumb"},"inLanguage":"fr","potentialAction":[{"@type":"ReadAction","target":["https://goldeletra.org.br/campanha/torneio-corporativo/"]}]},{"@type":"BreadcrumbList","@id":"https://goldeletra.org.br/campanha/torneio-corporativo/#breadcrumb","itemListElement":[{"@type":"ListItem","position":1,"name":"Home","item":"https://goldeletra.org.br/"},{"@type":"ListItem","position":2,"name":"Nota Fiscal Paulista"}]},{"@type":"WebSite","@id":"https://goldeletra.org.br/#website","url":"https://goldeletra.org.br/","name":"Fundação Gol de Letra","description":"Organização sem fins lucrativos que contribui com a educação de crianças e jovens de comunidades populares para que tenham mais perspectivas de vida.","publisher":{"@id":"https://goldeletra.org.br/#organization"},"potentialAction":[{"@type":"SearchAction","target":{"@type":"EntryPoint","urlTemplate":"https://goldeletra.org.br/?s={search_term_string}"},"query-input":{"@type":"PropertyValueSpecification","valueRequired":true,"valueName":"search_term_string"}}],"inLanguage":"fr"},{"@type":"Organization","@id":"https://goldeletra.org.br/#organization","name":"Fundação Gol de Letra","url":"https://goldeletra.org.br/","logo":{"@type":"ImageObject","inLanguage":"fr","@id":"https://goldeletra.org.br/#/schema/logo/image/","url":"https://goldeletra.org.br/wp-content/uploads/2020/01/logo.svg","contentUrl":"https://goldeletra.org.br/wp-content/uploads/2020/01/logo.svg","caption":"Fundação Gol de Letra"},"image":{"@id":"https://goldeletra.org.br/#/schema/logo/image/"},"sameAs":["https://www.facebook.com/FundacaoGolDeLetra","https://www.instagram.com/goldeletrabr/"]}]}</script>
<!-- / Yoast SEO plugin. -->

[:en]CORPORATE TOURNAMENT[:pt]Nota Fiscal Paulista[:fr]TOURNOIS DES ENTREPRISES[:] - Fundação Gol de Letra

L&rsquo;événement est né de l&rsquo;idée de lever des fonds tout en encourageant la pratique sportive et en favorisant l&rsquo;intégration des collaborateurs dans les entreprises participantes. La participation financière de chaque entreprise sert à assurer les projets de la Fondation. Les entreprises participantes vivent ainsi des moments uniques et forts en émotions. Cliquez ici pour plus [&hellip;]

Fundação Gol de Letra

Organização sem fins lucrativos que contribui com a educação de crianças e jovens de comunidades populares para que tenham mais perspectivas de vida.
