{"id":68,"date":"2019-09-09T13:49:06","date_gmt":"2019-09-09T16:49:06","guid":{"rendered":"http:\/\/localhost\/GDL\/wordpress\/?post_type=depoimento&#038;p=68"},"modified":"2019-12-06T17:30:17","modified_gmt":"2019-12-06T19:30:17","slug":"denis-escudeiro-pereira-socio-titular-doador-desde-2003","status":"publish","type":"depoimento","link":"https:\/\/goldeletra.org.br\/fr\/depoimento\/denis-escudeiro-pereira-socio-titular-doador-desde-2003\/","title":{"rendered":"Denis Escudeiro Pereira, membre donateur titulaire depuis 2003"},"content":{"rendered":"\n<p>\u00ab\u00a0Il existe plusieurs fa\u00e7ons d&rsquo;aider les gens et quand nous pouvons soutenir des initiatives structur\u00e9es, sans qu\u00b4il y ait des doutes, nous sommes plus dispos\u00e9s \u00e0 maintenir un partenariat avec ces institutions. C\u2019est la Fondation Gol de Letra! C\u2019est une mani\u00e8re que j\u2019ai trouv\u00e9 pour aider mon prochain, en ayant la certitude que chaque centime donn\u00e9 est r\u00e9ellement utilis\u00e9 pour le bien des gens.\u00a0\u00bb<\/p>\n","protected":false},"featured_media":37,"template":"","class_list":["post-68","depoimento","type-depoimento","status-publish","has-post-thumbnail","hentry"],"yoast_head":"<!-- This site is optimized with the Yoast SEO plugin v26.6 - https:\/\/yoast.com\/wordpress\/plugins\/seo\/ -->\n<title>Denis Escudeiro Pereira, membre donateur titulaire depuis 2003<\/title>\n<meta name=\"robots\" content=\"index, follow, max-snippet:-1, max-image-preview:large, max-video-preview:-1\" \/>\n<link rel=\"canonical\" href=\"https:\/\/goldeletra.org.br\/fr\/depoimento\/denis-escudeiro-pereira-socio-titular-doador-desde-2003\/\" \/>\n<meta property=\"og:locale\" content=\"fr_FR\" \/>\n<meta property=\"og:locale:alternate\" content=\"en_US\" \/>\n<meta property=\"og:locale:alternate\" content=\"pt_BR\" \/>\n<meta property=\"og:type\" content=\"article\" \/>\n<meta property=\"og:title\" content=\"Denis Escudeiro Pereira, membre donateur titulaire depuis 2003\" \/>\n<meta property=\"og:description\" content=\"\u00ab\u00a0Il existe plusieurs fa\u00e7ons d&rsquo;aider les gens et quand nous pouvons soutenir des initiatives structur\u00e9es, sans qu\u00b4il y ait des doutes, nous sommes plus dispos\u00e9s \u00e0 maintenir un partenariat avec ces institutions. C\u2019est la Fondation Gol de Letra! C\u2019est une mani\u00e8re que j\u2019ai trouv\u00e9 pour aider mon prochain, en ayant la certitude que chaque centime [&hellip;]\" \/>\n<meta property=\"og:url\" content=\"https:\/\/goldeletra.org.br\/fr\/depoimento\/denis-escudeiro-pereira-socio-titular-doador-desde-2003\/\" \/>\n<meta property=\"og:site_name\" content=\"Funda\u00e7\u00e3o Gol de Letra\" \/>\n<meta property=\"article:publisher\" content=\"https:\/\/www.facebook.com\/FundacaoGolDeLetra\" \/>\n<meta property=\"article:modified_time\" content=\"2019-12-06T19:30:17+00:00\" \/>\n<meta property=\"og:image\" content=\"https:\/\/goldeletra.org.br\/wp-content\/uploads\/2019\/09\/denis.jpg\" \/>\n\t<meta property=\"og:image:width\" content=\"550\" \/>\n\t<meta property=\"og:image:height\" content=\"367\" \/>\n\t<meta property=\"og:image:type\" content=\"image\/jpeg\" \/>\n<meta name=\"twitter:card\" content=\"summary_large_image\" \/>\n<meta name=\"twitter:label1\" content=\"Dur\u00e9e de lecture estim\u00e9e\" \/>\n\t<meta name=\"twitter:data1\" content=\"1 minute\" \/>\n<script type=\"application\/ld+json\" class=\"yoast-schema-graph\">{\"@context\":\"https:\/\/schema.org\",\"@graph\":[{\"@type\":\"WebPage\",\"@id\":\"https:\/\/goldeletra.org.br\/depoimento\/denis-escudeiro-pereira-socio-titular-doador-desde-2003\/\",\"url\":\"https:\/\/goldeletra.org.br\/depoimento\/denis-escudeiro-pereira-socio-titular-doador-desde-2003\/\",\"name\":\"Denis Escudeiro Pereira, membre donateur titulaire depuis 2003\",\"isPartOf\":{\"@id\":\"https:\/\/goldeletra.org.br\/#website\"},\"primaryImageOfPage\":{\"@id\":\"https:\/\/goldeletra.org.br\/depoimento\/denis-escudeiro-pereira-socio-titular-doador-desde-2003\/#primaryimage\"},\"image\":{\"@id\":\"https:\/\/goldeletra.org.br\/depoimento\/denis-escudeiro-pereira-socio-titular-doador-desde-2003\/#primaryimage\"},\"thumbnailUrl\":\"https:\/\/goldeletra.org.br\/wp-content\/uploads\/2019\/09\/denis.jpg\",\"datePublished\":\"2019-09-09T16:49:06+00:00\",\"dateModified\":\"2019-12-06T19:30:17+00:00\",\"breadcrumb\":{\"@id\":\"https:\/\/goldeletra.org.br\/depoimento\/denis-escudeiro-pereira-socio-titular-doador-desde-2003\/#breadcrumb\"},\"inLanguage\":\"fr\",\"potentialAction\":[{\"@type\":\"ReadAction\",\"target\":[\"https:\/\/goldeletra.org.br\/depoimento\/denis-escudeiro-pereira-socio-titular-doador-desde-2003\/\"]}]},{\"@type\":\"ImageObject\",\"inLanguage\":\"fr\",\"@id\":\"https:\/\/goldeletra.org.br\/depoimento\/denis-escudeiro-pereira-socio-titular-doador-desde-2003\/#primaryimage\",\"url\":\"https:\/\/goldeletra.org.br\/wp-content\/uploads\/2019\/09\/denis.jpg\",\"contentUrl\":\"https:\/\/goldeletra.org.br\/wp-content\/uploads\/2019\/09\/denis.jpg\",\"width\":550,\"height\":367},{\"@type\":\"BreadcrumbList\",\"@id\":\"https:\/\/goldeletra.org.br\/depoimento\/denis-escudeiro-pereira-socio-titular-doador-desde-2003\/#breadcrumb\",\"itemListElement\":[{\"@type\":\"ListItem\",\"position\":1,\"name\":\"Home\",\"item\":\"https:\/\/goldeletra.org.br\/\"},{\"@type\":\"ListItem\",\"position\":2,\"name\":\"Denis Escudeiro Pereira, s\u00f3cio titular doador desde 2003\"}]},{\"@type\":\"WebSite\",\"@id\":\"https:\/\/goldeletra.org.br\/#website\",\"url\":\"https:\/\/goldeletra.org.br\/\",\"name\":\"Funda\u00e7\u00e3o Gol de Letra\",\"description\":\"Organiza\u00e7\u00e3o sem fins lucrativos que contribui com a educa\u00e7\u00e3o de crian\u00e7as e jovens de comunidades populares para que tenham mais perspectivas de vida.\",\"publisher\":{\"@id\":\"https:\/\/goldeletra.org.br\/#organization\"},\"potentialAction\":[{\"@type\":\"SearchAction\",\"target\":{\"@type\":\"EntryPoint\",\"urlTemplate\":\"https:\/\/goldeletra.org.br\/?s={search_term_string}\"},\"query-input\":{\"@type\":\"PropertyValueSpecification\",\"valueRequired\":true,\"valueName\":\"search_term_string\"}}],\"inLanguage\":\"fr\"},{\"@type\":\"Organization\",\"@id\":\"https:\/\/goldeletra.org.br\/#organization\",\"name\":\"Funda\u00e7\u00e3o Gol de Letra\",\"url\":\"https:\/\/goldeletra.org.br\/\",\"logo\":{\"@type\":\"ImageObject\",\"inLanguage\":\"fr\",\"@id\":\"https:\/\/goldeletra.org.br\/#\/schema\/logo\/image\/\",\"url\":\"https:\/\/goldeletra.org.br\/wp-content\/uploads\/2020\/01\/logo.svg\",\"contentUrl\":\"https:\/\/goldeletra.org.br\/wp-content\/uploads\/2020\/01\/logo.svg\",\"caption\":\"Funda\u00e7\u00e3o Gol de Letra\"},\"image\":{\"@id\":\"https:\/\/goldeletra.org.br\/#\/schema\/logo\/image\/\"},\"sameAs\":[\"https:\/\/www.facebook.com\/FundacaoGolDeLetra\",\"https:\/\/www.instagram.com\/goldeletrabr\/\"]}]}<\/script>\n<!-- \/ Yoast SEO plugin. -->","yoast_head_json":{"title":"Denis Escudeiro Pereira, membre donateur titulaire depuis 2003","robots":{"index":"index","follow":"follow","max-snippet":"max-snippet:-1","max-image-preview":"max-image-preview:large","max-video-preview":"max-video-preview:-1"},"canonical":"https:\/\/goldeletra.org.br\/fr\/depoimento\/denis-escudeiro-pereira-socio-titular-doador-desde-2003\/","og_locale":"fr_FR","og_type":"article","og_title":"[:en]Denis Escudeiro Pereira, Associated and donator since 2003[:pt]Denis Escudeiro Pereira, s\u00f3cio titular doador desde 2003[:fr]Denis Escudeiro Pereira, membre donateur titulaire depuis 2003[:] - Funda\u00e7\u00e3o Gol de Letra","og_description":"\u00ab\u00a0Il existe plusieurs fa\u00e7ons d&rsquo;aider les gens et quand nous pouvons soutenir des initiatives structur\u00e9es, sans qu\u00b4il y ait des doutes, nous sommes plus dispos\u00e9s \u00e0 maintenir un partenariat avec ces institutions. C\u2019est la Fondation Gol de Letra! C\u2019est une mani\u00e8re que j\u2019ai trouv\u00e9 pour aider mon prochain, en ayant la certitude que chaque centime [&hellip;]","og_url":"https:\/\/goldeletra.org.br\/fr\/depoimento\/denis-escudeiro-pereira-socio-titular-doador-desde-2003\/","og_site_name":"Funda\u00e7\u00e3o Gol de Letra","article_publisher":"https:\/\/www.facebook.com\/FundacaoGolDeLetra","article_modified_time":"2019-12-06T19:30:17+00:00","og_image":[{"width":550,"height":367,"url":"https:\/\/goldeletra.org.br\/wp-content\/uploads\/2019\/09\/denis.jpg","type":"image\/jpeg"}],"twitter_card":"summary_large_image","twitter_misc":{"Dur\u00e9e de lecture estim\u00e9e":"1 minute"},"schema":{"@context":"https:\/\/schema.org","@graph":[{"@type":"WebPage","@id":"https:\/\/goldeletra.org.br\/depoimento\/denis-escudeiro-pereira-socio-titular-doador-desde-2003\/","url":"https:\/\/goldeletra.org.br\/depoimento\/denis-escudeiro-pereira-socio-titular-doador-desde-2003\/","name":"Denis Escudeiro Pereira, membre donateur titulaire depuis 2003","isPartOf":{"@id":"https:\/\/goldeletra.org.br\/#website"},"primaryImageOfPage":{"@id":"https:\/\/goldeletra.org.br\/depoimento\/denis-escudeiro-pereira-socio-titular-doador-desde-2003\/#primaryimage"},"image":{"@id":"https:\/\/goldeletra.org.br\/depoimento\/denis-escudeiro-pereira-socio-titular-doador-desde-2003\/#primaryimage"},"thumbnailUrl":"https:\/\/goldeletra.org.br\/wp-content\/uploads\/2019\/09\/denis.jpg","datePublished":"2019-09-09T16:49:06+00:00","dateModified":"2019-12-06T19:30:17+00:00","breadcrumb":{"@id":"https:\/\/goldeletra.org.br\/depoimento\/denis-escudeiro-pereira-socio-titular-doador-desde-2003\/#breadcrumb"},"inLanguage":"fr","potentialAction":[{"@type":"ReadAction","target":["https:\/\/goldeletra.org.br\/depoimento\/denis-escudeiro-pereira-socio-titular-doador-desde-2003\/"]}]},{"@type":"ImageObject","inLanguage":"fr","@id":"https:\/\/goldeletra.org.br\/depoimento\/denis-escudeiro-pereira-socio-titular-doador-desde-2003\/#primaryimage","url":"https:\/\/goldeletra.org.br\/wp-content\/uploads\/2019\/09\/denis.jpg","contentUrl":"https:\/\/goldeletra.org.br\/wp-content\/uploads\/2019\/09\/denis.jpg","width":550,"height":367},{"@type":"BreadcrumbList","@id":"https:\/\/goldeletra.org.br\/depoimento\/denis-escudeiro-pereira-socio-titular-doador-desde-2003\/#breadcrumb","itemListElement":[{"@type":"ListItem","position":1,"name":"Home","item":"https:\/\/goldeletra.org.br\/"},{"@type":"ListItem","position":2,"name":"Denis Escudeiro Pereira, s\u00f3cio titular doador desde 2003"}]},{"@type":"WebSite","@id":"https:\/\/goldeletra.org.br\/#website","url":"https:\/\/goldeletra.org.br\/","name":"Funda\u00e7\u00e3o Gol de Letra","description":"Organiza\u00e7\u00e3o sem fins lucrativos que contribui com a educa\u00e7\u00e3o de crian\u00e7as e jovens de comunidades populares para que tenham mais perspectivas de vida.","publisher":{"@id":"https:\/\/goldeletra.org.br\/#organization"},"potentialAction":[{"@type":"SearchAction","target":{"@type":"EntryPoint","urlTemplate":"https:\/\/goldeletra.org.br\/?s={search_term_string}"},"query-input":{"@type":"PropertyValueSpecification","valueRequired":true,"valueName":"search_term_string"}}],"inLanguage":"fr"},{"@type":"Organization","@id":"https:\/\/goldeletra.org.br\/#organization","name":"Funda\u00e7\u00e3o Gol de Letra","url":"https:\/\/goldeletra.org.br\/","logo":{"@type":"ImageObject","inLanguage":"fr","@id":"https:\/\/goldeletra.org.br\/#\/schema\/logo\/image\/","url":"https:\/\/goldeletra.org.br\/wp-content\/uploads\/2020\/01\/logo.svg","contentUrl":"https:\/\/goldeletra.org.br\/wp-content\/uploads\/2020\/01\/logo.svg","caption":"Funda\u00e7\u00e3o Gol de Letra"},"image":{"@id":"https:\/\/goldeletra.org.br\/#\/schema\/logo\/image\/"},"sameAs":["https:\/\/www.facebook.com\/FundacaoGolDeLetra","https:\/\/www.instagram.com\/goldeletrabr\/"]}]}},"_links":{"self":[{"href":"https:\/\/goldeletra.org.br\/fr\/wp-json\/wp\/v2\/depoimento\/68","targetHints":{"allow":["GET"]}}],"collection":[{"href":"https:\/\/goldeletra.org.br\/fr\/wp-json\/wp\/v2\/depoimento"}],"about":[{"href":"https:\/\/goldeletra.org.br\/fr\/wp-json\/wp\/v2\/types\/depoimento"}],"wp:featuredmedia":[{"embeddable":true,"href":"https:\/\/goldeletra.org.br\/fr\/wp-json\/wp\/v2\/media\/37"}],"wp:attachment":[{"href":"https:\/\/goldeletra.org.br\/fr\/wp-json\/wp\/v2\/media?parent=68"}],"curies":[{"name":"wp","href":"https:\/\/api.w.org\/{rel}","templated":true}]}}

<p>« Il existe plusieurs façons d&rsquo;aider les gens et quand nous pouvons soutenir des initiatives structurées, sans qu´il y ait des doutes, nous sommes plus disposés à maintenir un partenariat avec ces institutions. C’est la Fondation Gol de Letra! C’est une manière que j’ai trouvé pour aider mon prochain, en ayant la certitude que chaque centime donné est réellement utilisé pour le bien des gens. »</p>

<!-- This site is optimized with the Yoast SEO plugin v26.6 - https://yoast.com/wordpress/plugins/seo/ -->
<title>Denis Escudeiro Pereira, membre donateur titulaire depuis 2003</title>
<meta name="robots" content="index, follow, max-snippet:-1, max-image-preview:large, max-video-preview:-1" />
<link rel="canonical" href="https://goldeletra.org.br/fr/depoimento/denis-escudeiro-pereira-socio-titular-doador-desde-2003/" />
<meta property="og:locale" content="fr_FR" />
<meta property="og:locale:alternate" content="en_US" />
<meta property="og:locale:alternate" content="pt_BR" />
<meta property="og:type" content="article" />
<meta property="og:title" content="Denis Escudeiro Pereira, membre donateur titulaire depuis 2003" />
<meta property="og:description" content="« Il existe plusieurs façons d&rsquo;aider les gens et quand nous pouvons soutenir des initiatives structurées, sans qu´il y ait des doutes, nous sommes plus disposés à maintenir un partenariat avec ces institutions. C’est la Fondation Gol de Letra! C’est une manière que j’ai trouvé pour aider mon prochain, en ayant la certitude que chaque centime [&hellip;]" />
<meta property="og:url" content="https://goldeletra.org.br/fr/depoimento/denis-escudeiro-pereira-socio-titular-doador-desde-2003/" />
<meta property="og:site_name" content="Fundação Gol de Letra" />
<meta property="article:publisher" content="https://www.facebook.com/FundacaoGolDeLetra" />
<meta property="article:modified_time" content="2019-12-06T19:30:17+00:00" />
<meta property="og:image" content="https://goldeletra.org.br/wp-content/uploads/2019/09/denis.jpg" />
	<meta property="og:image:width" content="550" />
	<meta property="og:image:height" content="367" />
	<meta property="og:image:type" content="image/jpeg" />
<meta name="twitter:card" content="summary_large_image" />
<meta name="twitter:label1" content="Durée de lecture estimée" />
	<meta name="twitter:data1" content="1 minute" />
<script type="application/ld+json" class="yoast-schema-graph">{"@context":"https://schema.org","@graph":[{"@type":"WebPage","@id":"https://goldeletra.org.br/depoimento/denis-escudeiro-pereira-socio-titular-doador-desde-2003/","url":"https://goldeletra.org.br/depoimento/denis-escudeiro-pereira-socio-titular-doador-desde-2003/","name":"Denis Escudeiro Pereira, membre donateur titulaire depuis 2003","isPartOf":{"@id":"https://goldeletra.org.br/#website"},"primaryImageOfPage":{"@id":"https://goldeletra.org.br/depoimento/denis-escudeiro-pereira-socio-titular-doador-desde-2003/#primaryimage"},"image":{"@id":"https://goldeletra.org.br/depoimento/denis-escudeiro-pereira-socio-titular-doador-desde-2003/#primaryimage"},"thumbnailUrl":"https://goldeletra.org.br/wp-content/uploads/2019/09/denis.jpg","datePublished":"2019-09-09T16:49:06+00:00","dateModified":"2019-12-06T19:30:17+00:00","breadcrumb":{"@id":"https://goldeletra.org.br/depoimento/denis-escudeiro-pereira-socio-titular-doador-desde-2003/#breadcrumb"},"inLanguage":"fr","potentialAction":[{"@type":"ReadAction","target":["https://goldeletra.org.br/depoimento/denis-escudeiro-pereira-socio-titular-doador-desde-2003/"]}]},{"@type":"ImageObject","inLanguage":"fr","@id":"https://goldeletra.org.br/depoimento/denis-escudeiro-pereira-socio-titular-doador-desde-2003/#primaryimage","url":"https://goldeletra.org.br/wp-content/uploads/2019/09/denis.jpg","contentUrl":"https://goldeletra.org.br/wp-content/uploads/2019/09/denis.jpg","width":550,"height":367},{"@type":"BreadcrumbList","@id":"https://goldeletra.org.br/depoimento/denis-escudeiro-pereira-socio-titular-doador-desde-2003/#breadcrumb","itemListElement":[{"@type":"ListItem","position":1,"name":"Home","item":"https://goldeletra.org.br/"},{"@type":"ListItem","position":2,"name":"Denis Escudeiro Pereira, sócio titular doador desde 2003"}]},{"@type":"WebSite","@id":"https://goldeletra.org.br/#website","url":"https://goldeletra.org.br/","name":"Fundação Gol de Letra","description":"Organização sem fins lucrativos que contribui com a educação de crianças e jovens de comunidades populares para que tenham mais perspectivas de vida.","publisher":{"@id":"https://goldeletra.org.br/#organization"},"potentialAction":[{"@type":"SearchAction","target":{"@type":"EntryPoint","urlTemplate":"https://goldeletra.org.br/?s={search_term_string}"},"query-input":{"@type":"PropertyValueSpecification","valueRequired":true,"valueName":"search_term_string"}}],"inLanguage":"fr"},{"@type":"Organization","@id":"https://goldeletra.org.br/#organization","name":"Fundação Gol de Letra","url":"https://goldeletra.org.br/","logo":{"@type":"ImageObject","inLanguage":"fr","@id":"https://goldeletra.org.br/#/schema/logo/image/","url":"https://goldeletra.org.br/wp-content/uploads/2020/01/logo.svg","contentUrl":"https://goldeletra.org.br/wp-content/uploads/2020/01/logo.svg","caption":"Fundação Gol de Letra"},"image":{"@id":"https://goldeletra.org.br/#/schema/logo/image/"},"sameAs":["https://www.facebook.com/FundacaoGolDeLetra","https://www.instagram.com/goldeletrabr/"]}]}</script>
<!-- / Yoast SEO plugin. -->

[:en]Denis Escudeiro Pereira, Associated and donator since 2003[:pt]Denis Escudeiro Pereira, sócio titular doador desde 2003[:fr]Denis Escudeiro Pereira, membre donateur titulaire depuis 2003[:] - Fundação Gol de Letra

« Il existe plusieurs façons d&rsquo;aider les gens et quand nous pouvons soutenir des initiatives structurées, sans qu´il y ait des doutes, nous sommes plus disposés à maintenir un partenariat avec ces institutions. C’est la Fondation Gol de Letra! C’est une manière que j’ai trouvé pour aider mon prochain, en ayant la certitude que chaque centime [&hellip;]

Fundação Gol de Letra

Denis Escudeiro Pereira, sócio titular doador desde 2003

Organização sem fins lucrativos que contribui com a educação de crianças e jovens de comunidades populares para que tenham mais perspectivas de vida.
