{"id":71,"date":"2019-09-09T13:50:36","date_gmt":"2019-09-09T16:50:36","guid":{"rendered":"http:\/\/localhost\/GDL\/wordpress\/?post_type=depoimento&#038;p=71"},"modified":"2019-12-06T17:37:46","modified_gmt":"2019-12-06T19:37:46","slug":"jaime-caetano-de-almeida-professor-e-socio-titular-doador-desde-2010","status":"publish","type":"depoimento","link":"https:\/\/goldeletra.org.br\/fr\/depoimento\/jaime-caetano-de-almeida-professor-e-socio-titular-doador-desde-2010\/","title":{"rendered":"Jaime Caetano de Almeida, professeur et membre donateur titulaire depuis 2010"},"content":{"rendered":"\n<p>\u00ab\u00a0J\u00b4ai connu Gol de Letra et j\u00b4ai \u00e9t\u00e9 charm\u00e9 par le travail r\u00e9alis\u00e9, qui, avec responsabilit\u00e9 et un v\u00e9ritable int\u00e9r\u00eat pour les jeunes, maintient un soutien pour eux et leurs familles en compl\u00e9ment de l&rsquo;\u00e9ducation de base. Je suis un enseignant et j&rsquo;ai eu l&rsquo;occasion de rencontrer des jeunes qui ont b\u00e9n\u00e9fici\u00e9 du programme de la Fondation, et je me sens tr\u00e8s r\u00e9compens\u00e9 de savoir que ma petite contribution, au fil de ces ann\u00e9es, a pu d\u00b4une certaine fa\u00e7on contribuer \u00e0 ce projet.\u00a0\u00bb<\/p>\n","protected":false},"featured_media":54,"template":"","class_list":["post-71","depoimento","type-depoimento","status-publish","has-post-thumbnail","hentry"],"yoast_head":"<!-- This site is optimized with the Yoast SEO plugin v26.6 - https:\/\/yoast.com\/wordpress\/plugins\/seo\/ -->\n<title>Jaime Caetano de Almeida, professeur et membre donateur titulaire depuis 2010<\/title>\n<meta name=\"robots\" content=\"index, follow, max-snippet:-1, max-image-preview:large, max-video-preview:-1\" \/>\n<link rel=\"canonical\" href=\"https:\/\/goldeletra.org.br\/fr\/depoimento\/jaime-caetano-de-almeida-professor-e-socio-titular-doador-desde-2010\/\" \/>\n<meta property=\"og:locale\" content=\"fr_FR\" \/>\n<meta property=\"og:locale:alternate\" content=\"en_US\" \/>\n<meta property=\"og:locale:alternate\" content=\"pt_BR\" \/>\n<meta property=\"og:type\" content=\"article\" \/>\n<meta property=\"og:title\" content=\"Jaime Caetano de Almeida, professeur et membre donateur titulaire depuis 2010\" \/>\n<meta property=\"og:description\" content=\"\u00ab\u00a0J\u00b4ai connu Gol de Letra et j\u00b4ai \u00e9t\u00e9 charm\u00e9 par le travail r\u00e9alis\u00e9, qui, avec responsabilit\u00e9 et un v\u00e9ritable int\u00e9r\u00eat pour les jeunes, maintient un soutien pour eux et leurs familles en compl\u00e9ment de l&rsquo;\u00e9ducation de base. Je suis un enseignant et j&rsquo;ai eu l&rsquo;occasion de rencontrer des jeunes qui ont b\u00e9n\u00e9fici\u00e9 du programme de [&hellip;]\" \/>\n<meta property=\"og:url\" content=\"https:\/\/goldeletra.org.br\/fr\/depoimento\/jaime-caetano-de-almeida-professor-e-socio-titular-doador-desde-2010\/\" \/>\n<meta property=\"og:site_name\" content=\"Funda\u00e7\u00e3o Gol de Letra\" \/>\n<meta property=\"article:publisher\" content=\"https:\/\/www.facebook.com\/FundacaoGolDeLetra\" \/>\n<meta property=\"article:modified_time\" content=\"2019-12-06T19:37:46+00:00\" \/>\n<meta property=\"og:image\" content=\"https:\/\/goldeletra.org.br\/wp-content\/uploads\/2019\/09\/jaime.jpg\" \/>\n\t<meta property=\"og:image:width\" content=\"550\" \/>\n\t<meta property=\"og:image:height\" content=\"367\" \/>\n\t<meta property=\"og:image:type\" content=\"image\/jpeg\" \/>\n<meta name=\"twitter:card\" content=\"summary_large_image\" \/>\n<meta name=\"twitter:label1\" content=\"Dur\u00e9e de lecture estim\u00e9e\" \/>\n\t<meta name=\"twitter:data1\" content=\"1 minute\" \/>\n<script type=\"application\/ld+json\" class=\"yoast-schema-graph\">{\"@context\":\"https:\/\/schema.org\",\"@graph\":[{\"@type\":\"WebPage\",\"@id\":\"https:\/\/goldeletra.org.br\/depoimento\/jaime-caetano-de-almeida-professor-e-socio-titular-doador-desde-2010\/\",\"url\":\"https:\/\/goldeletra.org.br\/depoimento\/jaime-caetano-de-almeida-professor-e-socio-titular-doador-desde-2010\/\",\"name\":\"Jaime Caetano de Almeida, professeur et membre donateur titulaire depuis 2010\",\"isPartOf\":{\"@id\":\"https:\/\/goldeletra.org.br\/#website\"},\"primaryImageOfPage\":{\"@id\":\"https:\/\/goldeletra.org.br\/depoimento\/jaime-caetano-de-almeida-professor-e-socio-titular-doador-desde-2010\/#primaryimage\"},\"image\":{\"@id\":\"https:\/\/goldeletra.org.br\/depoimento\/jaime-caetano-de-almeida-professor-e-socio-titular-doador-desde-2010\/#primaryimage\"},\"thumbnailUrl\":\"https:\/\/goldeletra.org.br\/wp-content\/uploads\/2019\/09\/jaime.jpg\",\"datePublished\":\"2019-09-09T16:50:36+00:00\",\"dateModified\":\"2019-12-06T19:37:46+00:00\",\"breadcrumb\":{\"@id\":\"https:\/\/goldeletra.org.br\/depoimento\/jaime-caetano-de-almeida-professor-e-socio-titular-doador-desde-2010\/#breadcrumb\"},\"inLanguage\":\"fr\",\"potentialAction\":[{\"@type\":\"ReadAction\",\"target\":[\"https:\/\/goldeletra.org.br\/depoimento\/jaime-caetano-de-almeida-professor-e-socio-titular-doador-desde-2010\/\"]}]},{\"@type\":\"ImageObject\",\"inLanguage\":\"fr\",\"@id\":\"https:\/\/goldeletra.org.br\/depoimento\/jaime-caetano-de-almeida-professor-e-socio-titular-doador-desde-2010\/#primaryimage\",\"url\":\"https:\/\/goldeletra.org.br\/wp-content\/uploads\/2019\/09\/jaime.jpg\",\"contentUrl\":\"https:\/\/goldeletra.org.br\/wp-content\/uploads\/2019\/09\/jaime.jpg\",\"width\":550,\"height\":367},{\"@type\":\"BreadcrumbList\",\"@id\":\"https:\/\/goldeletra.org.br\/depoimento\/jaime-caetano-de-almeida-professor-e-socio-titular-doador-desde-2010\/#breadcrumb\",\"itemListElement\":[{\"@type\":\"ListItem\",\"position\":1,\"name\":\"Home\",\"item\":\"https:\/\/goldeletra.org.br\/\"},{\"@type\":\"ListItem\",\"position\":2,\"name\":\"Jaime Caetano de Almeida, professor e s\u00f3cio titular doador desde 2010\"}]},{\"@type\":\"WebSite\",\"@id\":\"https:\/\/goldeletra.org.br\/#website\",\"url\":\"https:\/\/goldeletra.org.br\/\",\"name\":\"Funda\u00e7\u00e3o Gol de Letra\",\"description\":\"Organiza\u00e7\u00e3o sem fins lucrativos que contribui com a educa\u00e7\u00e3o de crian\u00e7as e jovens de comunidades populares para que tenham mais perspectivas de vida.\",\"publisher\":{\"@id\":\"https:\/\/goldeletra.org.br\/#organization\"},\"potentialAction\":[{\"@type\":\"SearchAction\",\"target\":{\"@type\":\"EntryPoint\",\"urlTemplate\":\"https:\/\/goldeletra.org.br\/?s={search_term_string}\"},\"query-input\":{\"@type\":\"PropertyValueSpecification\",\"valueRequired\":true,\"valueName\":\"search_term_string\"}}],\"inLanguage\":\"fr\"},{\"@type\":\"Organization\",\"@id\":\"https:\/\/goldeletra.org.br\/#organization\",\"name\":\"Funda\u00e7\u00e3o Gol de Letra\",\"url\":\"https:\/\/goldeletra.org.br\/\",\"logo\":{\"@type\":\"ImageObject\",\"inLanguage\":\"fr\",\"@id\":\"https:\/\/goldeletra.org.br\/#\/schema\/logo\/image\/\",\"url\":\"https:\/\/goldeletra.org.br\/wp-content\/uploads\/2020\/01\/logo.svg\",\"contentUrl\":\"https:\/\/goldeletra.org.br\/wp-content\/uploads\/2020\/01\/logo.svg\",\"caption\":\"Funda\u00e7\u00e3o Gol de Letra\"},\"image\":{\"@id\":\"https:\/\/goldeletra.org.br\/#\/schema\/logo\/image\/\"},\"sameAs\":[\"https:\/\/www.facebook.com\/FundacaoGolDeLetra\",\"https:\/\/www.instagram.com\/goldeletrabr\/\"]}]}<\/script>\n<!-- \/ Yoast SEO plugin. -->","yoast_head_json":{"title":"Jaime Caetano de Almeida, professeur et membre donateur titulaire depuis 2010","robots":{"index":"index","follow":"follow","max-snippet":"max-snippet:-1","max-image-preview":"max-image-preview:large","max-video-preview":"max-video-preview:-1"},"canonical":"https:\/\/goldeletra.org.br\/fr\/depoimento\/jaime-caetano-de-almeida-professor-e-socio-titular-doador-desde-2010\/","og_locale":"fr_FR","og_type":"article","og_title":"[:en]Jaime Caetano de Almeida, teacher. Associate and Donator since 2010.[:pt]Jaime Caetano de Almeida, professor e s\u00f3cio titular doador desde 2010[:fr]Jaime Caetano de Almeida, professeur et membre donateur titulaire depuis 2010[:] - Funda\u00e7\u00e3o Gol de Letra","og_description":"\u00ab\u00a0J\u00b4ai connu Gol de Letra et j\u00b4ai \u00e9t\u00e9 charm\u00e9 par le travail r\u00e9alis\u00e9, qui, avec responsabilit\u00e9 et un v\u00e9ritable int\u00e9r\u00eat pour les jeunes, maintient un soutien pour eux et leurs familles en compl\u00e9ment de l&rsquo;\u00e9ducation de base. Je suis un enseignant et j&rsquo;ai eu l&rsquo;occasion de rencontrer des jeunes qui ont b\u00e9n\u00e9fici\u00e9 du programme de [&hellip;]","og_url":"https:\/\/goldeletra.org.br\/fr\/depoimento\/jaime-caetano-de-almeida-professor-e-socio-titular-doador-desde-2010\/","og_site_name":"Funda\u00e7\u00e3o Gol de Letra","article_publisher":"https:\/\/www.facebook.com\/FundacaoGolDeLetra","article_modified_time":"2019-12-06T19:37:46+00:00","og_image":[{"width":550,"height":367,"url":"https:\/\/goldeletra.org.br\/wp-content\/uploads\/2019\/09\/jaime.jpg","type":"image\/jpeg"}],"twitter_card":"summary_large_image","twitter_misc":{"Dur\u00e9e de lecture estim\u00e9e":"1 minute"},"schema":{"@context":"https:\/\/schema.org","@graph":[{"@type":"WebPage","@id":"https:\/\/goldeletra.org.br\/depoimento\/jaime-caetano-de-almeida-professor-e-socio-titular-doador-desde-2010\/","url":"https:\/\/goldeletra.org.br\/depoimento\/jaime-caetano-de-almeida-professor-e-socio-titular-doador-desde-2010\/","name":"Jaime Caetano de Almeida, professeur et membre donateur titulaire depuis 2010","isPartOf":{"@id":"https:\/\/goldeletra.org.br\/#website"},"primaryImageOfPage":{"@id":"https:\/\/goldeletra.org.br\/depoimento\/jaime-caetano-de-almeida-professor-e-socio-titular-doador-desde-2010\/#primaryimage"},"image":{"@id":"https:\/\/goldeletra.org.br\/depoimento\/jaime-caetano-de-almeida-professor-e-socio-titular-doador-desde-2010\/#primaryimage"},"thumbnailUrl":"https:\/\/goldeletra.org.br\/wp-content\/uploads\/2019\/09\/jaime.jpg","datePublished":"2019-09-09T16:50:36+00:00","dateModified":"2019-12-06T19:37:46+00:00","breadcrumb":{"@id":"https:\/\/goldeletra.org.br\/depoimento\/jaime-caetano-de-almeida-professor-e-socio-titular-doador-desde-2010\/#breadcrumb"},"inLanguage":"fr","potentialAction":[{"@type":"ReadAction","target":["https:\/\/goldeletra.org.br\/depoimento\/jaime-caetano-de-almeida-professor-e-socio-titular-doador-desde-2010\/"]}]},{"@type":"ImageObject","inLanguage":"fr","@id":"https:\/\/goldeletra.org.br\/depoimento\/jaime-caetano-de-almeida-professor-e-socio-titular-doador-desde-2010\/#primaryimage","url":"https:\/\/goldeletra.org.br\/wp-content\/uploads\/2019\/09\/jaime.jpg","contentUrl":"https:\/\/goldeletra.org.br\/wp-content\/uploads\/2019\/09\/jaime.jpg","width":550,"height":367},{"@type":"BreadcrumbList","@id":"https:\/\/goldeletra.org.br\/depoimento\/jaime-caetano-de-almeida-professor-e-socio-titular-doador-desde-2010\/#breadcrumb","itemListElement":[{"@type":"ListItem","position":1,"name":"Home","item":"https:\/\/goldeletra.org.br\/"},{"@type":"ListItem","position":2,"name":"Jaime Caetano de Almeida, professor e s\u00f3cio titular doador desde 2010"}]},{"@type":"WebSite","@id":"https:\/\/goldeletra.org.br\/#website","url":"https:\/\/goldeletra.org.br\/","name":"Funda\u00e7\u00e3o Gol de Letra","description":"Organiza\u00e7\u00e3o sem fins lucrativos que contribui com a educa\u00e7\u00e3o de crian\u00e7as e jovens de comunidades populares para que tenham mais perspectivas de vida.","publisher":{"@id":"https:\/\/goldeletra.org.br\/#organization"},"potentialAction":[{"@type":"SearchAction","target":{"@type":"EntryPoint","urlTemplate":"https:\/\/goldeletra.org.br\/?s={search_term_string}"},"query-input":{"@type":"PropertyValueSpecification","valueRequired":true,"valueName":"search_term_string"}}],"inLanguage":"fr"},{"@type":"Organization","@id":"https:\/\/goldeletra.org.br\/#organization","name":"Funda\u00e7\u00e3o Gol de Letra","url":"https:\/\/goldeletra.org.br\/","logo":{"@type":"ImageObject","inLanguage":"fr","@id":"https:\/\/goldeletra.org.br\/#\/schema\/logo\/image\/","url":"https:\/\/goldeletra.org.br\/wp-content\/uploads\/2020\/01\/logo.svg","contentUrl":"https:\/\/goldeletra.org.br\/wp-content\/uploads\/2020\/01\/logo.svg","caption":"Funda\u00e7\u00e3o Gol de Letra"},"image":{"@id":"https:\/\/goldeletra.org.br\/#\/schema\/logo\/image\/"},"sameAs":["https:\/\/www.facebook.com\/FundacaoGolDeLetra","https:\/\/www.instagram.com\/goldeletrabr\/"]}]}},"_links":{"self":[{"href":"https:\/\/goldeletra.org.br\/fr\/wp-json\/wp\/v2\/depoimento\/71","targetHints":{"allow":["GET"]}}],"collection":[{"href":"https:\/\/goldeletra.org.br\/fr\/wp-json\/wp\/v2\/depoimento"}],"about":[{"href":"https:\/\/goldeletra.org.br\/fr\/wp-json\/wp\/v2\/types\/depoimento"}],"wp:featuredmedia":[{"embeddable":true,"href":"https:\/\/goldeletra.org.br\/fr\/wp-json\/wp\/v2\/media\/54"}],"wp:attachment":[{"href":"https:\/\/goldeletra.org.br\/fr\/wp-json\/wp\/v2\/media?parent=71"}],"curies":[{"name":"wp","href":"https:\/\/api.w.org\/{rel}","templated":true}]}}

<p>« J´ai connu Gol de Letra et j´ai été charmé par le travail réalisé, qui, avec responsabilité et un véritable intérêt pour les jeunes, maintient un soutien pour eux et leurs familles en complément de l&rsquo;éducation de base. Je suis un enseignant et j&rsquo;ai eu l&rsquo;occasion de rencontrer des jeunes qui ont bénéficié du programme de la Fondation, et je me sens très récompensé de savoir que ma petite contribution, au fil de ces années, a pu d´une certaine façon contribuer à ce projet. »</p>

<!-- This site is optimized with the Yoast SEO plugin v26.6 - https://yoast.com/wordpress/plugins/seo/ -->
<title>Jaime Caetano de Almeida, professeur et membre donateur titulaire depuis 2010</title>
<meta name="robots" content="index, follow, max-snippet:-1, max-image-preview:large, max-video-preview:-1" />
<link rel="canonical" href="https://goldeletra.org.br/fr/depoimento/jaime-caetano-de-almeida-professor-e-socio-titular-doador-desde-2010/" />
<meta property="og:locale" content="fr_FR" />
<meta property="og:locale:alternate" content="en_US" />
<meta property="og:locale:alternate" content="pt_BR" />
<meta property="og:type" content="article" />
<meta property="og:title" content="Jaime Caetano de Almeida, professeur et membre donateur titulaire depuis 2010" />
<meta property="og:description" content="« J´ai connu Gol de Letra et j´ai été charmé par le travail réalisé, qui, avec responsabilité et un véritable intérêt pour les jeunes, maintient un soutien pour eux et leurs familles en complément de l&rsquo;éducation de base. Je suis un enseignant et j&rsquo;ai eu l&rsquo;occasion de rencontrer des jeunes qui ont bénéficié du programme de [&hellip;]" />
<meta property="og:url" content="https://goldeletra.org.br/fr/depoimento/jaime-caetano-de-almeida-professor-e-socio-titular-doador-desde-2010/" />
<meta property="og:site_name" content="Fundação Gol de Letra" />
<meta property="article:publisher" content="https://www.facebook.com/FundacaoGolDeLetra" />
<meta property="article:modified_time" content="2019-12-06T19:37:46+00:00" />
<meta property="og:image" content="https://goldeletra.org.br/wp-content/uploads/2019/09/jaime.jpg" />
	<meta property="og:image:width" content="550" />
	<meta property="og:image:height" content="367" />
	<meta property="og:image:type" content="image/jpeg" />
<meta name="twitter:card" content="summary_large_image" />
<meta name="twitter:label1" content="Durée de lecture estimée" />
	<meta name="twitter:data1" content="1 minute" />
<script type="application/ld+json" class="yoast-schema-graph">{"@context":"https://schema.org","@graph":[{"@type":"WebPage","@id":"https://goldeletra.org.br/depoimento/jaime-caetano-de-almeida-professor-e-socio-titular-doador-desde-2010/","url":"https://goldeletra.org.br/depoimento/jaime-caetano-de-almeida-professor-e-socio-titular-doador-desde-2010/","name":"Jaime Caetano de Almeida, professeur et membre donateur titulaire depuis 2010","isPartOf":{"@id":"https://goldeletra.org.br/#website"},"primaryImageOfPage":{"@id":"https://goldeletra.org.br/depoimento/jaime-caetano-de-almeida-professor-e-socio-titular-doador-desde-2010/#primaryimage"},"image":{"@id":"https://goldeletra.org.br/depoimento/jaime-caetano-de-almeida-professor-e-socio-titular-doador-desde-2010/#primaryimage"},"thumbnailUrl":"https://goldeletra.org.br/wp-content/uploads/2019/09/jaime.jpg","datePublished":"2019-09-09T16:50:36+00:00","dateModified":"2019-12-06T19:37:46+00:00","breadcrumb":{"@id":"https://goldeletra.org.br/depoimento/jaime-caetano-de-almeida-professor-e-socio-titular-doador-desde-2010/#breadcrumb"},"inLanguage":"fr","potentialAction":[{"@type":"ReadAction","target":["https://goldeletra.org.br/depoimento/jaime-caetano-de-almeida-professor-e-socio-titular-doador-desde-2010/"]}]},{"@type":"ImageObject","inLanguage":"fr","@id":"https://goldeletra.org.br/depoimento/jaime-caetano-de-almeida-professor-e-socio-titular-doador-desde-2010/#primaryimage","url":"https://goldeletra.org.br/wp-content/uploads/2019/09/jaime.jpg","contentUrl":"https://goldeletra.org.br/wp-content/uploads/2019/09/jaime.jpg","width":550,"height":367},{"@type":"BreadcrumbList","@id":"https://goldeletra.org.br/depoimento/jaime-caetano-de-almeida-professor-e-socio-titular-doador-desde-2010/#breadcrumb","itemListElement":[{"@type":"ListItem","position":1,"name":"Home","item":"https://goldeletra.org.br/"},{"@type":"ListItem","position":2,"name":"Jaime Caetano de Almeida, professor e sócio titular doador desde 2010"}]},{"@type":"WebSite","@id":"https://goldeletra.org.br/#website","url":"https://goldeletra.org.br/","name":"Fundação Gol de Letra","description":"Organização sem fins lucrativos que contribui com a educação de crianças e jovens de comunidades populares para que tenham mais perspectivas de vida.","publisher":{"@id":"https://goldeletra.org.br/#organization"},"potentialAction":[{"@type":"SearchAction","target":{"@type":"EntryPoint","urlTemplate":"https://goldeletra.org.br/?s={search_term_string}"},"query-input":{"@type":"PropertyValueSpecification","valueRequired":true,"valueName":"search_term_string"}}],"inLanguage":"fr"},{"@type":"Organization","@id":"https://goldeletra.org.br/#organization","name":"Fundação Gol de Letra","url":"https://goldeletra.org.br/","logo":{"@type":"ImageObject","inLanguage":"fr","@id":"https://goldeletra.org.br/#/schema/logo/image/","url":"https://goldeletra.org.br/wp-content/uploads/2020/01/logo.svg","contentUrl":"https://goldeletra.org.br/wp-content/uploads/2020/01/logo.svg","caption":"Fundação Gol de Letra"},"image":{"@id":"https://goldeletra.org.br/#/schema/logo/image/"},"sameAs":["https://www.facebook.com/FundacaoGolDeLetra","https://www.instagram.com/goldeletrabr/"]}]}</script>
<!-- / Yoast SEO plugin. -->

[:en]Jaime Caetano de Almeida, teacher. Associate and Donator since 2010.[:pt]Jaime Caetano de Almeida, professor e sócio titular doador desde 2010[:fr]Jaime Caetano de Almeida, professeur et membre donateur titulaire depuis 2010[:] - Fundação Gol de Letra

« J´ai connu Gol de Letra et j´ai été charmé par le travail réalisé, qui, avec responsabilité et un véritable intérêt pour les jeunes, maintient un soutien pour eux et leurs familles en complément de l&rsquo;éducation de base. Je suis un enseignant et j&rsquo;ai eu l&rsquo;occasion de rencontrer des jeunes qui ont bénéficié du programme de [&hellip;]

Fundação Gol de Letra

Jaime Caetano de Almeida, professor e sócio titular doador desde 2010

Organização sem fins lucrativos que contribui com a educação de crianças e jovens de comunidades populares para que tenham mais perspectivas de vida.
